CRAN Package Check Results for Package meta4diag

Last updated on 2023-02-02 00:54:51 CET.

Flavor Version Tinstall Tcheck Ttotal Status Flags
r-devel-linux-x86_64-debian-clang 2.1.1 13.45 94.87 108.32 NOTE
r-devel-linux-x86_64-debian-gcc 2.1.1 11.62 69.85 81.47 NOTE
r-devel-linux-x86_64-fedora-clang 2.1.1 137.19 OK
r-devel-linux-x86_64-fedora-gcc 2.1.1 133.32 OK
r-devel-windows-x86_64 2.1.1 63.00 126.00 189.00 NOTE
r-patched-linux-x86_64 2.1.1 13.03 89.68 102.71 NOTE
r-release-linux-x86_64 2.1.1 13.75 90.06 103.81 NOTE
r-release-macos-arm64 2.1.1 36.00 NOTE
r-release-macos-x86_64 2.1.1 62.00 NOTE
r-release-windows-x86_64 2.1.1 102.00 128.00 230.00 NOTE
r-oldrel-macos-arm64 2.1.1 209.00 NOTE
r-oldrel-macos-x86_64 2.1.1 49.00 NOTE
r-oldrel-windows-ix86+x86_64 2.1.1 28.00 120.00 148.00 OK

Check Details

Version: 2.1.1
Check: package dependencies
Result: NOTE
    Package suggested but not available for checking: ‘INLA’
Flavors: r-devel-linux-x86_64-debian-clang, r-devel-linux-x86_64-debian-gcc, r-devel-windows-x86_64, r-patched-linux-x86_64, r-release-linux-x86_64, r-release-macos-arm64, r-release-macos-x86_64, r-release-windows-x86_64, r-oldrel-macos-arm64, r-oldrel-macos-x86_64