CRAN Package Check Results for Package metaBLUE

Last updated on 2023-02-02 00:54:51 CET.

Flavor Version Tinstall Tcheck Ttotal Status Flags
r-devel-linux-x86_64-debian-clang 1.0.0 8.23 64.40 72.63 NOTE
r-devel-linux-x86_64-debian-gcc 1.0.0 6.81 49.20 56.01 NOTE
r-devel-linux-x86_64-fedora-clang 1.0.0 89.87 NOTE
r-devel-linux-x86_64-fedora-gcc 1.0.0 88.20 NOTE
r-patched-linux-x86_64 1.0.0 7.43 60.46 67.89 NOTE
r-release-linux-x86_64 1.0.0 6.30 61.88 68.18 NOTE
r-release-macos-arm64 1.0.0 28.00 NOTE
r-release-macos-x86_64 1.0.0 41.00 NOTE
r-release-windows-x86_64 1.0.0 15.00 91.00 106.00 NOTE
r-oldrel-macos-arm64 1.0.0 33.00 NOTE
r-oldrel-macos-x86_64 1.0.0 54.00 NOTE
r-oldrel-windows-ix86+x86_64 1.0.0 16.00 87.00 103.00 NOTE

Check Details

Version: 1.0.0
Check: LazyData
Result: NOTE
     'LazyData' is specified without a 'data' directory
Flavors: r-devel-linux-x86_64-debian-clang, r-devel-linux-x86_64-debian-gcc, r-devel-linux-x86_64-fedora-clang, r-devel-linux-x86_64-fedora-gcc, r-patched-linux-x86_64, r-release-linux-x86_64, r-release-macos-arm64, r-release-macos-x86_64, r-release-windows-x86_64, r-oldrel-macos-arm64, r-oldrel-macos-x86_64, r-oldrel-windows-ix86+x86_64