CRAN Package Check Results for Package metaMA

Last updated on 2023-01-30 01:53:37 CET.

Flavor Version Tinstall Tcheck Ttotal Status Flags
r-devel-linux-x86_64-debian-clang 3.1.3 3.59 45.10 48.69 OK
r-devel-linux-x86_64-debian-gcc 3.1.3 3.24 34.68 37.92 OK
r-devel-linux-x86_64-fedora-clang 3.1.3 65.31 OK
r-devel-linux-x86_64-fedora-gcc 3.1.3 75.67 OK
r-devel-windows-x86_64 3.1.3 18.00 94.00 112.00 OK
r-patched-linux-x86_64 3.1.3 4.22 44.55 48.77 OK
r-release-linux-x86_64 3.1.3 2.53 44.28 46.81 OK
r-release-macos-arm64 3.1.3 28.00 NOTE
r-release-macos-x86_64 3.1.3 34.00 OK
r-release-windows-x86_64 3.1.3 20.00 97.00 117.00 OK
r-oldrel-macos-arm64 3.1.3 26.00 NOTE
r-oldrel-macos-x86_64 3.1.3 34.00 OK
r-oldrel-windows-ix86+x86_64 3.1.3 8.00 75.00 83.00 OK

Check Details

Version: 3.1.3
Check: package dependencies
Result: NOTE
    Packages suggested but not available for checking:
     'hgu133a.db', 'hgu95av2.db'
Flavor: r-release-macos-arm64

Version: 3.1.3
Check: package dependencies
Result: NOTE
    Package suggested but not available for checking: ‘hgu133a.db’
Flavor: r-oldrel-macos-arm64