CRAN Package Check Results for Package metaMA

Last updated on 2022-05-22 01:51:31 CEST.

Flavor Version Tinstall Tcheck Ttotal Status Flags
r-devel-linux-x86_64-debian-clang 3.1.3 4.25 54.54 58.79 OK
r-devel-linux-x86_64-debian-gcc 3.1.3 2.97 41.92 44.89 OK
r-devel-linux-x86_64-fedora-clang 3.1.3 77.17 OK
r-devel-linux-x86_64-fedora-gcc 3.1.3 74.22 OK
r-devel-windows-x86_64 3.1.3 22.00 87.00 109.00 OK
r-patched-linux-x86_64 3.1.3 4.52 52.52 57.04 OK
r-release-linux-x86_64 3.1.3 2.84 52.57 55.41 OK
r-release-macos-arm64 3.1.3 28.00 NOTE
r-release-macos-x86_64 3.1.3 34.00 OK
r-release-windows-x86_64 3.1.3 19.00 87.00 106.00 OK
r-oldrel-macos-arm64 3.1.3 26.00 NOTE
r-oldrel-macos-x86_64 3.1.3 34.00 OK
r-oldrel-windows-ix86+x86_64 3.1.3 9.00 69.00 78.00 OK

Check Details

Version: 3.1.3
Check: package dependencies
Result: NOTE
    Packages suggested but not available for checking:
     'hgu133a.db', 'hgu95av2.db'
Flavor: r-release-macos-arm64

Version: 3.1.3
Check: package dependencies
Result: NOTE
    Package suggested but not available for checking: ‘hgu133a.db’
Flavor: r-oldrel-macos-arm64