CRAN Package Check Results for Package metaMix

Last updated on 2021-09-26 01:49:57 CEST.

Flavor Version Tinstall Tcheck Ttotal Status Flags
r-devel-linux-x86_64-debian-clang 0.3 15.05 131.17 146.22 OK
r-devel-linux-x86_64-debian-gcc 0.3 11.63 100.73 112.36 OK
r-devel-linux-x86_64-fedora-clang 0.3 185.89 OK
r-devel-linux-x86_64-fedora-gcc 0.3 178.39 OK
r-devel-windows-x86_64 0.3 17.00 117.00 134.00 OK
r-devel-windows-x86_64-gcc10-UCRT 0.3 OK
r-patched-linux-x86_64 0.3 15.91 123.37 139.28 OK
r-patched-solaris-x86 0.3 236.70 OK
r-release-linux-x86_64 0.3 15.89 122.94 138.83 OK
r-release-macos-arm64 0.3 ERROR
r-release-macos-x86_64 0.3 ERROR
r-release-windows-ix86+x86_64 0.3 33.00 140.00 173.00 OK
r-oldrel-macos-x86_64 0.3 ERROR
r-oldrel-windows-ix86+x86_64 0.3 28.00 130.00 158.00 OK

Check Details

Version: 0.3
Check: package dependencies
Result: ERROR
    Package required but not available: ‘Rmpi’
    
    See section ‘The DESCRIPTION file’ in the ‘Writing R Extensions’
    manual.
Flavors: r-release-macos-arm64, r-release-macos-x86_64, r-oldrel-macos-x86_64