CRAN Package Check Results for Package metacart

Last updated on 2020-07-15 02:46:55 CEST.

Flavor Version Tinstall Tcheck Ttotal Status Flags
r-devel-linux-x86_64-debian-clang 2.0-3 48.67 51.61 100.28 OK
r-devel-linux-x86_64-debian-gcc 2.0-3 34.32 39.04 73.36 OK
r-devel-linux-x86_64-fedora-clang 2.0-3 141.30 OK
r-devel-linux-x86_64-fedora-gcc 2.0-3 128.82 OK
r-devel-windows-ix86+x86_64 2.0-3 129.00 132.00 261.00 OK
r-patched-linux-x86_64 2.0-3 37.83 49.47 87.30 OK
r-patched-solaris-x86 2.0-3 132.50 OK
r-release-linux-x86_64 2.0-3 37.05 51.35 88.40 OK
r-release-macos-x86_64 2.0-3 ERROR
r-release-windows-ix86+x86_64 2.0-2 126.00 91.00 217.00 OK
r-oldrel-macos-x86_64 2.0-3 OK
r-oldrel-windows-ix86+x86_64 2.0-3 89.00 92.00 181.00 OK

Check Details

Version: 2.0-3
Check: whether package can be installed
Result: ERROR
    Installation failed.
Flavor: r-release-macos-x86_64