CRAN Package Check Results for Package metamer

Last updated on 2023-02-07 00:54:23 CET.

Flavor Version Tinstall Tcheck Ttotal Status Flags
r-devel-linux-x86_64-debian-clang 0.3.0 3.33 38.19 41.52 OK
r-devel-linux-x86_64-debian-gcc 0.3.0 3.09 29.42 32.51 OK
r-devel-linux-x86_64-fedora-clang 0.3.0 52.77 NOTE
r-devel-linux-x86_64-fedora-gcc 0.3.0 55.99 NOTE
r-devel-windows-x86_64 0.3.0 15.00 73.00 88.00 OK
r-patched-linux-x86_64 0.3.0 3.70 38.22 41.92 OK
r-release-linux-x86_64 0.3.0 3.52 39.58 43.10 OK
r-release-macos-arm64 0.3.0 22.00 NOTE
r-release-macos-x86_64 0.3.0 29.00 NOTE
r-release-windows-x86_64 0.3.0 16.00 70.00 86.00 OK
r-oldrel-macos-arm64 0.3.0 23.00 NOTE
r-oldrel-macos-x86_64 0.3.0 29.00 NOTE
r-oldrel-windows-ix86+x86_64 0.3.0 7.00 65.00 72.00 OK

Check Details

Version: 0.3.0
Check: dependencies in R code
Result: NOTE
    Namespace in Imports field not imported from: ‘progress’
     All declared Imports should be used.
Flavors: r-devel-linux-x86_64-fedora-clang, r-devel-linux-x86_64-fedora-gcc, r-release-macos-arm64, r-release-macos-x86_64, r-oldrel-macos-arm64, r-oldrel-macos-x86_64