CRAN Package Check Results for Package metamicrobiomeR

Last updated on 2020-02-18 01:51:58 CET.

Flavor Version Tinstall Tcheck Ttotal Status Flags
r-devel-linux-x86_64-debian-clang 1.1 13.35 189.47 202.82 OK
r-devel-linux-x86_64-debian-gcc 1.1 11.31 139.62 150.93 OK
r-devel-linux-x86_64-fedora-clang 1.1 253.44 WARN
r-devel-linux-x86_64-fedora-gcc 1.1 228.66 NOTE
r-devel-windows-ix86+x86_64 1.1 28.00 171.00 199.00 OK
r-devel-windows-ix86+x86_64-gcc8 1.1 44.00 239.00 283.00 OK
r-patched-linux-x86_64 1.1 11.35 161.97 173.32 OK
r-patched-solaris-x86 1.1 328.70 NOTE
r-release-linux-x86_64 1.1 11.16 160.42 171.58 OK
r-release-windows-ix86+x86_64 1.1 23.00 156.00 179.00 OK
r-release-osx-x86_64 1.1 NOTE
r-oldrel-osx-x86_64 1.1 ERROR

Check Details

Version: 1.1
Check: package dependencies
Result: WARN
    Imports includes 26 non-default packages.
    Importing from so many packages makes the package vulnerable to any of
    them becoming unavailable. Move as many as possible to Suggests and
    use conditionally.
    
    Requires orphaned package: ‘gplots’
Flavor: r-devel-linux-x86_64-fedora-clang

Version: 1.1
Check: dependencies in R code
Result: NOTE
    Namespaces in Imports field not imported from:
     ‘RCurl’ ‘foreign’ ‘gplots’ ‘httr’ ‘jsonlite’ ‘knitr’ ‘lmerTest’
     ‘magrittr’ ‘mgcv’ ‘repmis’ ‘reshape2’ ‘rmarkdown’
     All declared Imports should be used.
Flavors: r-devel-linux-x86_64-fedora-clang, r-devel-linux-x86_64-fedora-gcc, r-patched-solaris-x86, r-release-osx-x86_64

Version: 1.1
Check: whether package can be installed
Result: ERROR
    Installation failed.
Flavor: r-oldrel-osx-x86_64