CRAN Package Check Results for Package metaplotr

Last updated on 2020-04-02 01:53:16 CEST.

Flavor Version Tinstall Tcheck Ttotal Status Flags
r-devel-linux-x86_64-debian-clang 0.0.3 2.58 45.70 48.28 NOTE
r-devel-linux-x86_64-debian-gcc 0.0.3 2.05 34.87 36.92 NOTE
r-devel-linux-x86_64-fedora-clang 0.0.3 54.96 OK
r-devel-linux-x86_64-fedora-gcc 0.0.3 54.65 OK
r-devel-windows-ix86+x86_64 0.0.3 9.00 50.00 59.00 NOTE
r-devel-windows-ix86+x86_64-gcc8 0.0.3 8.00 55.00 63.00 NOTE
r-patched-linux-x86_64 0.0.3 2.40 43.57 45.97 NOTE
r-patched-solaris-x86 0.0.3 79.80 OK
r-release-linux-x86_64 0.0.3 1.98 42.92 44.90 OK
r-release-windows-ix86+x86_64 0.0.3 5.00 60.00 65.00 OK
r-release-osx-x86_64 0.0.3 OK
r-oldrel-windows-ix86+x86_64 0.0.3 6.00 78.00 84.00 OK
r-oldrel-osx-x86_64 0.0.3 OK

Check Details

Version: 0.0.3
Check: package vignettes
Result: NOTE
    Package vignette with placeholder title 'Vignette Title':
     'how_to_use_crosshairs.Rmd'
Flavors: r-devel-linux-x86_64-debian-clang, r-devel-linux-x86_64-debian-gcc, r-devel-windows-ix86+x86_64, r-devel-windows-ix86+x86_64-gcc8, r-patched-linux-x86_64