Last updated on 2023-02-05 01:54:26 CET.
Flavor | Version | Tinstall | Tcheck | Ttotal | Status | Flags |
---|---|---|---|---|---|---|
r-devel-linux-x86_64-debian-clang | 0.2.2 | 6.34 | 77.45 | 83.79 | NOTE | |
r-devel-linux-x86_64-debian-gcc | 0.2.2 | 4.18 | 56.44 | 60.62 | NOTE | |
r-devel-linux-x86_64-fedora-clang | 0.2.2 | 106.56 | NOTE | |||
r-devel-linux-x86_64-fedora-gcc | 0.2.2 | 108.42 | NOTE | |||
r-devel-windows-x86_64 | 0.2.2 | 11.00 | 107.00 | 118.00 | NOTE | |
r-patched-linux-x86_64 | 0.2.2 | 6.69 | 73.91 | 80.60 | NOTE | |
r-release-linux-x86_64 | 0.2.2 | 4.68 | 72.62 | 77.30 | NOTE | |
r-release-macos-arm64 | 0.2.2 | 36.00 | NOTE | |||
r-release-macos-x86_64 | 0.2.2 | 60.00 | NOTE | |||
r-release-windows-x86_64 | 0.2.2 | 52.00 | 118.00 | 170.00 | NOTE | |
r-oldrel-macos-arm64 | 0.2.2 | 44.00 | NOTE | |||
r-oldrel-macos-x86_64 | 0.2.2 | 61.00 | NOTE | |||
r-oldrel-windows-ix86+x86_64 | 0.2.2 | 18.00 | 100.00 | 118.00 | NOTE |
Version: 0.2.2
Check: LazyData
Result: NOTE
'LazyData' is specified without a 'data' directory
Flavors: r-devel-linux-x86_64-debian-clang, r-devel-linux-x86_64-debian-gcc, r-devel-linux-x86_64-fedora-clang, r-devel-linux-x86_64-fedora-gcc, r-devel-windows-x86_64, r-patched-linux-x86_64, r-release-linux-x86_64, r-release-macos-arm64, r-release-macos-x86_64, r-release-windows-x86_64, r-oldrel-macos-arm64, r-oldrel-macos-x86_64, r-oldrel-windows-ix86+x86_64