CRAN Package Check Results for Package metaprotr

Last updated on 2023-02-07 00:54:23 CET.

Flavor Version Tinstall Tcheck Ttotal Status Flags
r-devel-linux-x86_64-debian-clang 1.2.2 11.92 78.49 90.41 OK
r-devel-linux-x86_64-debian-gcc 1.2.2 7.73 57.14 64.87 OK
r-devel-linux-x86_64-fedora-clang 1.2.2 117.70 NOTE
r-devel-linux-x86_64-fedora-gcc 1.2.2 110.83 NOTE
r-devel-windows-x86_64 1.2.2 33.00 113.00 146.00 OK
r-patched-linux-x86_64 1.2.2 9.34 74.94 84.28 OK
r-release-linux-x86_64 1.2.2 7.19 72.80 79.99 OK
r-release-macos-arm64 1.2.2 32.00 NOTE
r-release-macos-x86_64 1.2.2 51.00 NOTE
r-release-windows-x86_64 1.2.2 32.00 114.00 146.00 OK
r-oldrel-macos-arm64 1.2.2 39.00 NOTE
r-oldrel-macos-x86_64 1.2.2 61.00 NOTE
r-oldrel-windows-ix86+x86_64 1.2.2 24.00 102.00 126.00 OK

Check Details

Version: 1.2.2
Check: dependencies in R code
Result: NOTE
    Namespaces in Imports field not imported from:
     ‘ade4’ ‘dendextend’ ‘ggforce’ ‘ggrepel’ ‘stringr’ ‘tidyverse’
     All declared Imports should be used.
Flavors: r-devel-linux-x86_64-fedora-clang, r-devel-linux-x86_64-fedora-gcc, r-release-macos-arm64, r-release-macos-x86_64, r-oldrel-macos-arm64, r-oldrel-macos-x86_64