CRAN Package Check Results for Package mev

Last updated on 2020-05-25 01:48:57 CEST.

Flavor Version Tinstall Tcheck Ttotal Status Flags
r-devel-linux-x86_64-debian-clang 1.13.1 137.56 159.98 297.54 OK
r-devel-linux-x86_64-debian-gcc 1.13.1 99.64 120.79 220.43 OK
r-devel-linux-x86_64-fedora-clang 1.13.1 382.98 NOTE
r-devel-linux-x86_64-fedora-gcc 1.13.1 356.18 OK
r-devel-windows-ix86+x86_64 1.13.1 275.00 262.00 537.00 OK
r-patched-linux-x86_64 1.13.1 114.33 159.99 274.32 OK
r-patched-solaris-x86 1.13.1 347.10 OK
r-release-linux-x86_64 1.13.1 108.43 160.61 269.04 OK
r-release-osx-x86_64 1.13.1 NOTE
r-release-windows-ix86+x86_64 1.13.1 189.00 274.00 463.00 OK
r-oldrel-osx-x86_64 1.13.1 NOTE
r-oldrel-windows-ix86+x86_64 1.13.1 199.00 200.00 399.00 OK

Check Details

Version: 1.13.1
Check: installed package size
Result: NOTE
     installed size is 8.8Mb
     sub-directories of 1Mb or more:
     libs 7.2Mb
Flavors: r-devel-linux-x86_64-fedora-clang, r-release-osx-x86_64, r-oldrel-osx-x86_64