CRAN Package Check Results for Package mev

Last updated on 2022-12-09 01:50:33 CET.

Flavor Version Tinstall Tcheck Ttotal Status Flags
r-devel-linux-x86_64-debian-clang 1.14 128.68 212.86 341.54 NOTE
r-devel-linux-x86_64-debian-gcc 1.14 112.00 239.02 351.02 NOTE
r-devel-linux-x86_64-fedora-clang 1.14 465.39 NOTE
r-devel-linux-x86_64-fedora-gcc 1.14 453.35 NOTE
r-devel-windows-x86_64 1.14 152.00 554.00 706.00 NOTE
r-patched-linux-x86_64 1.14 126.93 191.70 318.63 OK
r-release-linux-x86_64 1.14 85.87 191.83 277.70 OK
r-release-macos-arm64 1.14 101.00 NOTE
r-release-macos-x86_64 1.14 138.00 NOTE
r-release-windows-x86_64 1.14 153.00 255.00 408.00 OK
r-oldrel-macos-arm64 1.14 100.00 NOTE
r-oldrel-macos-x86_64 1.14 135.00 NOTE
r-oldrel-windows-ix86+x86_64 1.14 278.00 269.00 547.00 OK

Check Details

Version: 1.14
Check: package subdirectories
Result: NOTE
    Problems with news in 'NEWS.md':
     Cannot extract version info from the following section titles:
     mev v.1.9x
     mev v.1.8x
Flavors: r-devel-linux-x86_64-debian-clang, r-devel-linux-x86_64-debian-gcc, r-devel-linux-x86_64-fedora-clang, r-devel-linux-x86_64-fedora-gcc, r-devel-windows-x86_64

Version: 1.14
Check: Rd cross-references
Result: NOTE
    Undeclared packages ‘hoa’, ‘evir’ in Rd xrefs
Flavor: r-devel-linux-x86_64-fedora-clang

Version: 1.14
Check: installed package size
Result: NOTE
     installed size is 8.6Mb
     sub-directories of 1Mb or more:
     libs 6.7Mb
Flavors: r-release-macos-arm64, r-release-macos-x86_64, r-oldrel-macos-arm64, r-oldrel-macos-x86_64