Last updated on 2023-02-05 01:54:26 CET.
Flavor | Version | Tinstall | Tcheck | Ttotal | Status | Flags |
---|---|---|---|---|---|---|
r-devel-linux-x86_64-debian-clang | 0.2.1 | 51.84 | 215.09 | 266.93 | NOTE | |
r-devel-linux-x86_64-debian-gcc | 0.2.1 | 36.17 | 176.20 | 212.37 | NOTE | |
r-devel-linux-x86_64-fedora-clang | 0.2.1 | 354.35 | NOTE | |||
r-devel-linux-x86_64-fedora-gcc | 0.2.1 | 340.22 | NOTE | |||
r-devel-windows-x86_64 | 0.2.1 | 54.00 | 281.00 | 335.00 | NOTE | |
r-patched-linux-x86_64 | 0.2.1 | 38.64 | 210.72 | 249.36 | OK | |
r-release-linux-x86_64 | 0.2.1 | 35.11 | 215.82 | 250.93 | OK | |
r-release-macos-arm64 | 0.2.1 | 89.00 | OK | |||
r-release-macos-x86_64 | 0.2.1 | 113.00 | OK | |||
r-release-windows-x86_64 | 0.2.1 | 50.00 | 310.00 | 360.00 | OK | |
r-oldrel-macos-arm64 | 0.2.1 | 99.00 | OK | |||
r-oldrel-macos-x86_64 | 0.2.1 | 109.00 | OK | |||
r-oldrel-windows-ix86+x86_64 | 0.2.1 | 116.00 | 539.00 | 655.00 | OK |
Version: 0.2.1
Check: package subdirectories
Result: NOTE
Problems with news in ‘NEWS.md’:
No news entries found.
Flavors: r-devel-linux-x86_64-debian-clang, r-devel-linux-x86_64-debian-gcc, r-devel-linux-x86_64-fedora-clang, r-devel-linux-x86_64-fedora-gcc, r-devel-windows-x86_64