CRAN Package Check Results for Package mfbvar

Last updated on 2021-06-25 02:52:01 CEST.

Flavor Version Tinstall Tcheck Ttotal Status Flags
r-devel-linux-x86_64-debian-clang 0.5.6 569.86 136.01 705.87 NOTE
r-devel-linux-x86_64-debian-gcc 0.5.6 370.00 99.00 469.00 NOTE
r-devel-linux-x86_64-fedora-clang 0.5.6 968.89 NOTE
r-devel-linux-x86_64-fedora-gcc 0.5.6 858.89 NOTE
r-devel-windows-x86_64 0.5.6 619.00 120.00 739.00 NOTE
r-devel-windows-x86_64-gcc10-UCRT 0.5.6 NOTE
r-patched-linux-x86_64 0.5.6 427.67 124.64 552.31 NOTE
r-patched-solaris-x86 0.5.6 775.30 NOTE
r-release-linux-x86_64 0.5.6 429.68 124.27 553.95 NOTE
r-release-macos-arm64 0.5.6 NOTE
r-release-macos-x86_64 0.5.6 NOTE
r-release-windows-ix86+x86_64 0.5.6 899.00 148.00 1047.00 NOTE
r-oldrel-macos-x86_64 0.5.6 NOTE
r-oldrel-windows-ix86+x86_64 0.5.6 1220.00 165.00 1385.00 NOTE

Check Details

Version: 0.5.6
Check: for GNU extensions in Makefiles
Result: NOTE
    GNU make is a SystemRequirements.
Flavors: r-devel-linux-x86_64-debian-clang, r-devel-linux-x86_64-debian-gcc, r-devel-linux-x86_64-fedora-clang, r-devel-linux-x86_64-fedora-gcc, r-devel-windows-x86_64, r-devel-windows-x86_64-gcc10-UCRT, r-patched-linux-x86_64, r-patched-solaris-x86, r-release-linux-x86_64, r-release-macos-arm64, r-release-macos-x86_64, r-release-windows-ix86+x86_64, r-oldrel-macos-x86_64, r-oldrel-windows-ix86+x86_64

Version: 0.5.6
Check: installed package size
Result: NOTE
     installed size is 24.0Mb
     sub-directories of 1Mb or more:
     libs 23.0Mb
Flavors: r-devel-linux-x86_64-fedora-clang, r-release-macos-arm64, r-release-macos-x86_64, r-release-windows-ix86+x86_64, r-oldrel-macos-x86_64, r-oldrel-windows-ix86+x86_64