CRAN Package Check Results for Package micEcon

Last updated on 2024-02-20 08:01:04 CET.

Flavor Version Tinstall Tcheck Ttotal Status Flags
r-devel-linux-x86_64-debian-clang 0.6-18 OK
r-devel-linux-x86_64-debian-gcc 0.6-18 6.03 62.75 68.78 OK
r-devel-linux-x86_64-fedora-clang 0.6-18 116.56 NOTE
r-devel-linux-x86_64-fedora-gcc 0.6-18 119.45 OK
r-devel-windows-x86_64 0.6-18 7.00 84.00 91.00 OK
r-patched-linux-x86_64 0.6-18 10.83 82.63 93.46 OK
r-release-linux-x86_64 0.6-18 6.42 82.11 88.53 OK
r-release-macos-arm64 0.6-18 36.00 OK
r-release-macos-x86_64 0.6-18 60.00 OK
r-release-windows-x86_64 0.6-18 9.00 103.00 112.00 OK
r-oldrel-macos-arm64 0.6-18 38.00 OK
r-oldrel-windows-x86_64 0.6-18 9.00 102.00 111.00 OK

Check Details

Version: 0.6-18
Check: Rd cross-references
Result: NOTE Undeclared packages ‘micEconAids’, ‘micEconSNQP’ in Rd xrefs Flavor: r-devel-linux-x86_64-fedora-clang