CRAN Package Check Results for Package micEconCES

Last updated on 2021-06-24 01:50:26 CEST.

Flavor Version Tinstall Tcheck Ttotal Status Flags
r-devel-linux-x86_64-debian-clang 1.0-0 15.15 129.78 144.93 OK --no-vignettes
r-devel-linux-x86_64-debian-gcc 1.0-0 13.78 93.69 107.47 OK --no-vignettes
r-devel-linux-x86_64-fedora-clang 1.0-0 180.47 OK
r-devel-linux-x86_64-fedora-gcc 1.0-0 175.91 OK
r-devel-windows-x86_64 1.0-0 25.00 150.00 175.00 OK --no-vignettes
r-devel-windows-x86_64-gcc10-UCRT 1.0-0 ERROR
r-patched-linux-x86_64 1.0-0 14.26 120.67 134.93 OK --no-vignettes
r-patched-solaris-x86 1.0-0 239.00 OK
r-release-linux-x86_64 1.0-0 14.60 119.17 133.77 OK --no-vignettes
r-release-macos-arm64 1.0-0 OK
r-release-macos-x86_64 1.0-0 OK
r-release-windows-ix86+x86_64 1.0-0 26.00 167.00 193.00 OK --no-vignettes
r-oldrel-macos-x86_64 1.0-0 OK

Check Details

Version: 1.0-0
Check: package dependencies
Result: ERROR
    Packages required but not available: 'car', 'systemfit'
    
    Package suggested but not available for checking: 'AER'
    
    See section 'The DESCRIPTION file' in the 'Writing R Extensions'
    manual.
Flavor: r-devel-windows-x86_64-gcc10-UCRT