CRAN Package Check Results for Package miceFast

Last updated on 2021-06-22 01:49:21 CEST.

Flavor Version Tinstall Tcheck Ttotal Status Flags
r-devel-linux-x86_64-debian-clang 0.6.9 128.67 102.89 231.56 OK
r-devel-linux-x86_64-debian-gcc 0.6.9 85.68 72.16 157.84 OK
r-devel-linux-x86_64-fedora-clang 0.6.9 309.61 NOTE
r-devel-linux-x86_64-fedora-gcc 0.6.9 282.41 OK
r-devel-windows-x86_64 0.6.9 144.00 90.00 234.00 OK
r-devel-windows-x86_64-gcc10-UCRT 0.6.9 WARN
r-patched-linux-x86_64 0.6.9 111.04 91.71 202.75 OK
r-patched-solaris-x86 0.6.9 278.40 OK
r-release-linux-x86_64 0.6.9 91.07 90.31 181.38 OK
r-release-macos-arm64 0.6.9 NOTE
r-release-macos-x86_64 0.6.9 NOTE
r-release-windows-ix86+x86_64 0.6.9 277.00 190.00 467.00 OK
r-oldrel-macos-x86_64 0.6.9 NOTE

Check Details

Version: 0.6.9
Check: installed package size
Result: NOTE
     installed size is 9.3Mb
     sub-directories of 1Mb or more:
     doc 1.0Mb
     libs 8.0Mb
Flavors: r-devel-linux-x86_64-fedora-clang, r-release-macos-arm64, r-release-macos-x86_64, r-oldrel-macos-x86_64

Version: 0.6.9
Check: package dependencies
Result: NOTE
    Package suggested but not available for checking: 'car'
Flavor: r-devel-windows-x86_64-gcc10-UCRT

Version: 0.6.9
Check: re-building of vignette outputs
Result: WARN
    Error(s) in re-building vignettes:
     ...
    --- re-building 'miceFast-intro.Rmd' using rmarkdown
    
    Attaching package: 'mice'
    
    The following object is masked from 'package:stats':
    
     filter
    
    The following objects are masked from 'package:base':
    
     cbind, rbind
    
    Quitting from lines 21-23 (miceFast-intro.Rmd)
    Error: processing vignette 'miceFast-intro.Rmd' failed with diagnostics:
    there is no package called 'car'
    --- failed re-building 'miceFast-intro.Rmd'
    
    SUMMARY: processing the following file failed:
     'miceFast-intro.Rmd'
    
    Error: Vignette re-building failed.
    Execution halted
Flavor: r-devel-windows-x86_64-gcc10-UCRT