CRAN Package Check Results for Package microbenchmark

Last updated on 2022-12-06 00:51:15 CET.

Flavor Version Tinstall Tcheck Ttotal Status Flags
r-devel-linux-x86_64-debian-clang 1.4.9 6.41 47.49 53.90 WARN
r-devel-linux-x86_64-debian-gcc 1.4.9 3.92 36.91 40.83 WARN
r-devel-linux-x86_64-fedora-clang 1.4.9 76.25 WARN
r-devel-linux-x86_64-fedora-gcc 1.4.9 75.26 WARN
r-devel-windows-x86_64 1.4.9 28.00 79.00 107.00 OK
r-patched-linux-x86_64 1.4.9 4.92 45.41 50.33 OK
r-release-linux-x86_64 1.4.9 4.96 45.94 50.90 OK
r-release-macos-arm64 1.4.9 27.00 OK
r-release-macos-x86_64 1.4.9 59.00 OK
r-release-windows-x86_64 1.4.9 33.00 77.00 110.00 OK
r-oldrel-macos-arm64 1.4.9 32.00 OK
r-oldrel-macos-x86_64 1.4.9 72.00 OK
r-oldrel-windows-ix86+x86_64 1.4.9 13.00 159.00 172.00 OK

Check Details

Version: 1.4.9
Check: whether package can be installed
Result: WARN
    Found the following significant warnings:
     ./do_nothing.h:4:22: warning: a function declaration without a prototype is deprecated in all versions of C [-Wstrict-prototypes]
     do_nothing.c:11:15: warning: a function declaration without a prototype is deprecated in all versions of C [-Wstrict-prototypes]
     init.c:7:28: warning: a function declaration without a prototype is deprecated in all versions of C [-Wstrict-prototypes]
     nanotimer.c:88:21: warning: a function declaration without a prototype is deprecated in all versions of C [-Wstrict-prototypes]
Flavors: r-devel-linux-x86_64-debian-clang, r-devel-linux-x86_64-fedora-clang

Version: 1.4.9
Check: whether package can be installed
Result: WARN
    Found the following significant warnings:
     do_nothing.h:4:1: warning: function declaration isn’t a prototype [-Wstrict-prototypes]
     do_nothing.c:11:5: warning: function declaration isn’t a prototype [-Wstrict-prototypes]
     init.c:7:1: warning: function declaration isn’t a prototype [-Wstrict-prototypes]
     nanotimer.c:88:6: warning: function declaration isn’t a prototype [-Wstrict-prototypes]
Flavors: r-devel-linux-x86_64-debian-gcc, r-devel-linux-x86_64-fedora-gcc