CRAN Package Check Results for Package microhaplot

Last updated on 2021-01-25 00:48:03 CET.

Flavor Version Tinstall Tcheck Ttotal Status Flags
r-devel-linux-x86_64-debian-clang 1.0.1 2.25 33.47 35.72 OK
r-devel-linux-x86_64-debian-gcc 1.0.1 1.94 25.83 27.77 OK
r-devel-linux-x86_64-fedora-clang 1.0.1 52.65 NOTE
r-devel-linux-x86_64-fedora-gcc 1.0.1 44.10 NOTE
r-devel-windows-ix86+x86_64 1.0.1 7.00 47.00 54.00 OK
r-patched-linux-x86_64 1.0.1 2.68 32.55 35.23 OK
r-patched-solaris-x86 1.0.1 52.80 NOTE
r-release-linux-x86_64 1.0.1 2.62 33.15 35.77 OK
r-release-macos-x86_64 1.0.1 NOTE
r-release-windows-ix86+x86_64 1.0.1 27.00 45.00 72.00 OK
r-oldrel-macos-x86_64 1.0.1 NOTE
r-oldrel-windows-ix86+x86_64 1.0.1 4.00 34.00 38.00 OK

Check Details

Version: 1.0.1
Check: dependencies in R code
Result: NOTE
    Namespaces in Imports field not imported from:
     ‘DT’ ‘ggiraph’ ‘ggplot2’ ‘grid’ ‘gtools’ ‘scales’ ‘shinyBS’
     ‘shinyWidgets’ ‘tidyr’
     All declared Imports should be used.
Flavors: r-devel-linux-x86_64-fedora-clang, r-devel-linux-x86_64-fedora-gcc, r-patched-solaris-x86, r-release-macos-x86_64, r-oldrel-macos-x86_64