Last updated on 2023-12-04 07:51:04 CET.
Flavor | Version | Tinstall | Tcheck | Ttotal | Status | Flags |
---|---|---|---|---|---|---|
r-devel-linux-x86_64-debian-clang | 1.9.7 | 11.79 | 158.87 | 170.66 | NOTE | |
r-devel-linux-x86_64-debian-gcc | 1.9.7 | 9.17 | 115.90 | 125.07 | NOTE | |
r-devel-linux-x86_64-fedora-clang | 1.9.7 | 215.96 | OK | |||
r-devel-linux-x86_64-fedora-gcc | 1.9.7 | 210.65 | OK | |||
r-devel-windows-x86_64 | 1.9.7 | 11.00 | 152.00 | 163.00 | OK | |
r-patched-linux-x86_64 | 1.9.7 | 10.40 | 149.31 | 159.71 | OK | |
r-release-linux-x86_64 | 1.9.7 | 7.56 | 147.88 | 155.44 | OK | |
r-release-macos-arm64 | 1.9.7 | 78.00 | OK | |||
r-release-macos-x86_64 | 1.9.7 | 173.00 | OK | |||
r-release-windows-x86_64 | 1.9.7 | 14.00 | 161.00 | 175.00 | OK | |
r-oldrel-macos-arm64 | 1.9.7 | 79.00 | OK | |||
r-oldrel-macos-x86_64 | 1.9.7 | 96.00 | OK | |||
r-oldrel-windows-x86_64 | 1.9.7 | 15.00 | 157.00 | 172.00 | OK |
Version: 1.9.7
Check: Rd files
Result: NOTE
checkRd: (-1) NEWS.Rd:56: Lost braces; missing escapes or markup?
56 | \item Fix to CRS strings for stale sp data objects included with the package. This was done in anticipation of updates to sp and rgdal. This affects the \code{USstates}, \code{WSA3}, and {OrEcoLevel3} data objects used in the examples and the \code{txeco} data object used in the vignette.
| ^
Flavors: r-devel-linux-x86_64-debian-clang, r-devel-linux-x86_64-debian-gcc