CRAN Package Check Results for Package micropan

Last updated on 2021-10-22 01:55:11 CEST.

Flavor Version Tinstall Tcheck Ttotal Status Flags
r-devel-linux-x86_64-debian-clang 2.1 8.06 82.11 90.17 OK
r-devel-linux-x86_64-debian-gcc 2.1 6.23 60.05 66.28 OK
r-devel-linux-x86_64-fedora-clang 2.1 115.04 OK
r-devel-linux-x86_64-fedora-gcc 2.1 102.63 OK
r-devel-windows-x86_64 2.1 12.00 108.00 120.00 OK
r-devel-windows-x86_64-gcc10-UCRT 2.1 ERROR
r-patched-linux-x86_64 2.1 7.89 76.17 84.06 OK
r-patched-solaris-x86 2.1 154.30 OK
r-release-linux-x86_64 2.1 7.10 76.00 83.10 OK
r-release-macos-arm64 2.1 OK
r-release-macos-x86_64 2.1 OK
r-release-windows-ix86+x86_64 2.1 19.00 104.00 123.00 OK
r-oldrel-macos-x86_64 2.1 OK
r-oldrel-windows-ix86+x86_64 2.1 17.00 108.00 125.00 OK

Check Details

Version: 2.1
Check: package dependencies
Result: ERROR
    Package required but not available: 'igraph'
    
    See section 'The DESCRIPTION file' in the 'Writing R Extensions'
    manual.
Flavor: r-devel-windows-x86_64-gcc10-UCRT