CRAN Package Check Results for Package microseq

Last updated on 2021-09-23 01:49:45 CEST.

Flavor Version Tinstall Tcheck Ttotal Status Flags
r-devel-linux-x86_64-debian-clang 2.1.4 49.94 56.89 106.83 OK
r-devel-linux-x86_64-debian-gcc 2.1.4 31.95 42.77 74.72 OK
r-devel-linux-x86_64-fedora-clang 2.1.4 150.80 OK
r-devel-linux-x86_64-fedora-gcc 2.1.4 126.99 OK
r-devel-windows-x86_64 2.1.4 44.00 65.00 109.00 OK
r-devel-windows-x86_64-gcc10-UCRT 2.1.4 ERROR
r-patched-linux-x86_64 2.1.4 43.73 52.56 96.29 OK
r-patched-solaris-x86 2.1.4 145.30 OK
r-release-linux-x86_64 2.1.4 42.30 52.40 94.70 OK
r-release-macos-arm64 2.1.4 OK
r-release-macos-x86_64 2.1.4 OK
r-release-windows-ix86+x86_64 2.1.4 110.00 80.00 190.00 OK
r-oldrel-macos-x86_64 2.1.4 OK
r-oldrel-windows-ix86+x86_64 2.1.4 81.00 81.00 162.00 OK

Check Details

Version: 2.1.4
Check: whether package can be installed
Result: ERROR
    Installation failed.
Flavor: r-devel-windows-x86_64-gcc10-UCRT