CRAN Package Check Results for Package microsynth

Last updated on 2020-02-17 00:49:17 CET.

Flavor Version Tinstall Tcheck Ttotal Status Flags
r-devel-linux-x86_64-debian-clang 2.0.13 7.87 108.11 115.98 OK
r-devel-linux-x86_64-debian-gcc 2.0.13 6.48 76.12 82.60 OK
r-devel-linux-x86_64-fedora-clang 2.0.13 136.07 NOTE
r-devel-linux-x86_64-fedora-gcc 2.0.13 128.45 NOTE
r-devel-windows-ix86+x86_64 2.0.13 10.00 153.00 163.00 OK
r-devel-windows-ix86+x86_64-gcc8 2.0.13 17.00 139.00 156.00 OK
r-patched-linux-x86_64 2.0.13 5.41 94.17 99.58 OK
r-patched-solaris-x86 2.0.13 179.00 NOTE
r-release-linux-x86_64 2.0.13 5.68 92.60 98.28 OK
r-release-windows-ix86+x86_64 2.0.13 10.00 113.00 123.00 OK
r-release-osx-x86_64 2.0.13 NOTE
r-oldrel-windows-ix86+x86_64 2.0.13 8.00 110.00 118.00 OK
r-oldrel-osx-x86_64 2.0.13 NOTE

Check Details

Version: 2.0.13
Check: dependencies in R code
Result: NOTE
    Namespace in Imports field not imported from: ‘MASS’
     All declared Imports should be used.
Flavors: r-devel-linux-x86_64-fedora-clang, r-devel-linux-x86_64-fedora-gcc, r-patched-solaris-x86, r-release-osx-x86_64, r-oldrel-osx-x86_64