CRAN Package Check Results for Package midasml

Last updated on 2021-04-13 01:47:44 CEST.

Flavor Version Tinstall Tcheck Ttotal Status Flags
r-devel-linux-x86_64-debian-clang 0.0.6 75.82 104.14 179.96 OK
r-devel-linux-x86_64-debian-gcc 0.0.6 50.12 77.95 128.07 OK
r-devel-linux-x86_64-fedora-clang 0.0.6 237.50 NOTE
r-devel-linux-x86_64-fedora-gcc 0.0.6 214.45 OK
r-devel-windows-ix86+x86_64 0.0.6 161.00 141.00 302.00 OK
r-devel-windows-x86_64-gcc10-UCRT 0.0.6 OK
r-patched-linux-x86_64 0.0.6 56.30 93.96 150.26 OK
r-patched-solaris-x86 0.0.6 247.20 OK
r-release-linux-x86_64 0.0.6 59.07 94.88 153.95 OK
r-release-macos-x86_64 0.0.6 NOTE
r-release-windows-ix86+x86_64 0.0.6 125.00 176.00 301.00 OK
r-oldrel-macos-x86_64 0.0.6 NOTE
r-oldrel-windows-ix86+x86_64 0.0.6 146.00 110.00 256.00 OK

Check Details

Version: 0.0.6
Check: installed package size
Result: NOTE
     installed size is 5.4Mb
     sub-directories of 1Mb or more:
     libs 4.8Mb
Flavors: r-devel-linux-x86_64-fedora-clang, r-release-macos-x86_64, r-oldrel-macos-x86_64