CRAN Package Check Results for Package mind

Last updated on 2021-09-16 01:49:39 CEST.

Flavor Version Tinstall Tcheck Ttotal Status Flags
r-devel-linux-x86_64-debian-clang 0.1.4 26.74 201.75 228.49 OK
r-devel-linux-x86_64-debian-gcc 0.1.4 21.66 149.82 171.48 OK
r-devel-linux-x86_64-fedora-clang 0.1.4 279.90 NOTE
r-devel-linux-x86_64-fedora-gcc 0.1.4 265.65 NOTE
r-devel-windows-x86_64 0.1.4 48.00 225.00 273.00 OK
r-devel-windows-x86_64-gcc10-UCRT 0.1.4 NOTE
r-patched-linux-x86_64 0.1.4 22.25 189.53 211.78 OK
r-patched-solaris-x86 0.1.4 409.50 NOTE
r-release-linux-x86_64 0.1.4 24.90 192.92 217.82 OK
r-release-macos-arm64 0.1.4 NOTE
r-release-macos-x86_64 0.1.4 NOTE
r-release-windows-ix86+x86_64 0.1.4 60.00 172.00 232.00 OK
r-oldrel-macos-x86_64 0.1.4 NOTE
r-oldrel-windows-ix86+x86_64 0.1.4 64.00 247.00 311.00 OK

Check Details

Version: 0.1.4
Check: dependencies in R code
Result: NOTE
    Namespace in Imports field not imported from: ‘dplyr’
     All declared Imports should be used.
Flavors: r-devel-linux-x86_64-fedora-clang, r-devel-linux-x86_64-fedora-gcc, r-devel-windows-x86_64-gcc10-UCRT, r-patched-solaris-x86, r-release-macos-arm64, r-release-macos-x86_64, r-oldrel-macos-x86_64