Last updated on 2021-01-25 00:48:03 CET.
Flavor | Version | Tinstall | Tcheck | Ttotal | Status | Flags |
---|---|---|---|---|---|---|
r-devel-linux-x86_64-debian-clang | 0.1.5 | 3.10 | 39.45 | 42.55 | OK | |
r-devel-linux-x86_64-debian-gcc | 0.1.5 | 2.47 | 30.15 | 32.62 | OK | |
r-devel-linux-x86_64-fedora-clang | 0.1.5 | 59.11 | NOTE | |||
r-devel-linux-x86_64-fedora-gcc | 0.1.5 | 49.99 | NOTE | |||
r-devel-windows-ix86+x86_64 | 0.1.5 | 7.00 | 68.00 | 75.00 | OK | |
r-patched-linux-x86_64 | 0.1.5 | 2.29 | 37.29 | 39.58 | OK | |
r-patched-solaris-x86 | 0.1.5 | 71.00 | NOTE | |||
r-release-linux-x86_64 | 0.1.5 | 3.04 | 37.70 | 40.74 | OK | |
r-release-macos-x86_64 | 0.1.5 | NOTE | ||||
r-release-windows-ix86+x86_64 | 0.1.5 | 19.00 | 70.00 | 89.00 | OK | |
r-oldrel-macos-x86_64 | 0.1.5 | NOTE | ||||
r-oldrel-windows-ix86+x86_64 | 0.1.5 | 5.00 | 81.00 | 86.00 | OK |
Version: 0.1.5
Check: data for non-ASCII characters
Result: NOTE
Note: found 5 marked UTF-8 strings
Flavors: r-devel-linux-x86_64-fedora-clang, r-devel-linux-x86_64-fedora-gcc, r-patched-solaris-x86, r-release-macos-x86_64, r-oldrel-macos-x86_64