CRAN Package Check Results for Package mined

Last updated on 2020-07-15 02:46:55 CEST.

Flavor Version Tinstall Tcheck Ttotal Status Flags
r-devel-linux-x86_64-debian-clang 1.0-2 79.71 28.47 108.18 OK
r-devel-linux-x86_64-debian-gcc 1.0-2 57.53 23.86 81.39 OK
r-devel-linux-x86_64-fedora-clang 1.0-2 145.96 NOTE
r-devel-linux-x86_64-fedora-gcc 1.0-2 138.18 OK
r-devel-windows-ix86+x86_64 1.0-2 163.00 92.00 255.00 OK
r-patched-linux-x86_64 1.0-2 60.70 29.76 90.46 OK
r-patched-solaris-x86 1.0-2 119.90 OK
r-release-linux-x86_64 1.0-2 60.83 30.45 91.28 OK
r-release-macos-x86_64 1.0-2 ERROR
r-release-windows-ix86+x86_64 1.0-2 157.00 70.00 227.00 OK
r-oldrel-macos-x86_64 1.0-2 NOTE
r-oldrel-windows-ix86+x86_64 1.0-2 135.00 85.00 220.00 OK

Additional issues

valgrind

Check Details

Version: 1.0-2
Check: installed package size
Result: NOTE
     installed size is 20.9Mb
     sub-directories of 1Mb or more:
     libs 20.8Mb
Flavors: r-devel-linux-x86_64-fedora-clang, r-oldrel-macos-x86_64

Version: 1.0-2
Check: whether package can be installed
Result: ERROR
    Installation failed.
Flavor: r-release-macos-x86_64