CRAN Package Check Results for Package mined

Last updated on 2019-12-15 01:50:29 CET.

Flavor Version Tinstall Tcheck Ttotal Status Flags
r-devel-linux-x86_64-debian-clang 1.0-2 66.57 27.83 94.40 OK
r-devel-linux-x86_64-debian-gcc 1.0-2 50.03 23.73 73.76 OK
r-devel-linux-x86_64-fedora-clang 1.0-2 134.40 NOTE
r-devel-linux-x86_64-fedora-gcc 1.0-2 131.18 OK
r-devel-windows-ix86+x86_64 1.0-2 96.00 89.00 185.00 OK
r-devel-windows-ix86+x86_64-gcc8 1.0-2 117.00 97.00 214.00 OK
r-patched-linux-x86_64 1.0-2 58.65 27.73 86.38 OK
r-patched-solaris-x86 1.0-2 115.50 OK
r-release-linux-x86_64 1.0-2 59.03 27.18 86.21 OK
r-release-windows-ix86+x86_64 1.0-2 100.00 66.00 166.00 OK
r-release-osx-x86_64 1.0-2 NOTE
r-oldrel-windows-ix86+x86_64 1.0-2 100.00 73.00 173.00 OK
r-oldrel-osx-x86_64 1.0-2 NOTE

Additional issues

valgrind

Check Details

Version: 1.0-2
Check: installed package size
Result: NOTE
     installed size is 20.4Mb
     sub-directories of 1Mb or more:
     libs 20.3Mb
Flavors: r-devel-linux-x86_64-fedora-clang, r-release-osx-x86_64, r-oldrel-osx-x86_64