CRAN Package Check Results for Package miniMeta

Last updated on 2020-09-22 02:17:24 CEST.

Flavor Version Tinstall Tcheck Ttotal Status Flags
r-devel-linux-x86_64-debian-clang 0.2 10.43 89.49 99.92 OK
r-devel-linux-x86_64-debian-gcc 0.2 9.56 72.71 82.27 OK
r-devel-linux-x86_64-fedora-clang 0.2 138.18 NOTE
r-devel-linux-x86_64-fedora-gcc 0.2 127.83 NOTE
r-devel-windows-ix86+x86_64 0.2 27.00 105.00 132.00 OK
r-patched-linux-x86_64 0.2 12.57 89.17 101.74 OK
r-patched-solaris-x86 0.2 182.90 NOTE
r-release-linux-x86_64 0.2 12.34 89.54 101.88 OK
r-release-macos-x86_64 0.2 NOTE
r-release-windows-ix86+x86_64 0.2 30.00 127.00 157.00 OK
r-oldrel-macos-x86_64 0.2 NOTE
r-oldrel-windows-ix86+x86_64 0.2 16.00 94.00 110.00 OK

Check Details

Version: 0.2
Check: dependencies in R code
Result: NOTE
    Namespaces in Imports field not imported from:
     ‘markdown’ ‘metafor’
     All declared Imports should be used.
Flavors: r-devel-linux-x86_64-fedora-clang, r-devel-linux-x86_64-fedora-gcc, r-patched-solaris-x86, r-release-macos-x86_64, r-oldrel-macos-x86_64