CRAN Package Check Results for Package miniUI

Last updated on 2022-05-23 01:50:14 CEST.

Flavor Version Tinstall Tcheck Ttotal Status Flags
r-devel-linux-x86_64-debian-clang 0.1.1.1 4.07 45.43 49.50 NOTE
r-devel-linux-x86_64-debian-gcc 0.1.1.1 3.10 35.56 38.66 NOTE
r-devel-linux-x86_64-fedora-clang 0.1.1.1 60.30 NOTE
r-devel-linux-x86_64-fedora-gcc 0.1.1.1 49.13 NOTE
r-devel-windows-x86_64 0.1.1.1 11.00 61.00 72.00 NOTE
r-patched-linux-x86_64 0.1.1.1 7.97 43.66 51.63 NOTE
r-release-linux-x86_64 0.1.1.1 3.50 44.20 47.70 NOTE
r-release-macos-arm64 0.1.1.1 20.00 NOTE
r-release-macos-x86_64 0.1.1.1 26.00 NOTE
r-release-windows-x86_64 0.1.1.1 10.00 64.00 74.00 NOTE
r-oldrel-macos-arm64 0.1.1.1 23.00 NOTE
r-oldrel-macos-x86_64 0.1.1.1 37.00 NOTE
r-oldrel-windows-ix86+x86_64 0.1.1.1 11.00 59.00 70.00 NOTE

Check Details

Version: 0.1.1.1
Check: LazyData
Result: NOTE
     'LazyData' is specified without a 'data' directory
Flavors: r-devel-linux-x86_64-debian-clang, r-devel-linux-x86_64-debian-gcc, r-devel-linux-x86_64-fedora-clang, r-devel-linux-x86_64-fedora-gcc, r-devel-windows-x86_64, r-patched-linux-x86_64, r-release-linux-x86_64, r-release-macos-arm64, r-release-macos-x86_64, r-release-windows-x86_64, r-oldrel-macos-arm64, r-oldrel-macos-x86_64, r-oldrel-windows-ix86+x86_64