CRAN Package Check Results for Package miniUI

Last updated on 2024-06-23 07:58:03 CEST.

Flavor Version Tinstall Tcheck Ttotal Status Flags
r-devel-linux-x86_64-debian-clang 0.1.1.1 4.81 38.33 43.14 NOTE
r-devel-linux-x86_64-debian-gcc 0.1.1.1 3.41 28.70 32.11 NOTE
r-devel-linux-x86_64-fedora-clang 0.1.1.1 51.96 NOTE
r-devel-linux-x86_64-fedora-gcc 0.1.1.1 49.79 NOTE
r-devel-windows-x86_64 0.1.1.1 6.00 50.00 56.00 NOTE
r-patched-linux-x86_64 0.1.1.1 8.54 35.37 43.91 NOTE
r-release-linux-x86_64 0.1.1.1 3.59 35.71 39.30 NOTE
r-release-macos-arm64 0.1.1.1 20.00 NOTE
r-release-macos-x86_64 0.1.1.1 34.00 NOTE
r-release-windows-x86_64 0.1.1.1 6.00 49.00 55.00 NOTE
r-oldrel-macos-arm64 0.1.1.1 22.00 NOTE
r-oldrel-macos-x86_64 0.1.1.1 28.00 NOTE
r-oldrel-windows-x86_64 0.1.1.1 6.00 56.00 62.00 NOTE

Check Details

Version: 0.1.1.1
Check: LazyData
Result: NOTE 'LazyData' is specified without a 'data' directory Flavors: r-devel-linux-x86_64-debian-clang, r-devel-linux-x86_64-debian-gcc, r-devel-linux-x86_64-fedora-clang, r-devel-linux-x86_64-fedora-gcc, r-devel-windows-x86_64, r-patched-linux-x86_64, r-release-linux-x86_64, r-release-macos-arm64, r-release-macos-x86_64, r-release-windows-x86_64, r-oldrel-macos-arm64, r-oldrel-macos-x86_64, r-oldrel-windows-x86_64