CRAN Package Check Results for Package minimax

Last updated on 2021-08-01 01:51:53 CEST.

Flavor Version Tinstall Tcheck Ttotal Status Flags
r-devel-linux-x86_64-debian-clang 1.0 1.67 20.41 22.08 NOTE
r-devel-linux-x86_64-debian-gcc 1.0 1.44 16.25 17.69 NOTE
r-devel-linux-x86_64-fedora-clang 1.0 36.78 NOTE
r-devel-linux-x86_64-fedora-gcc 1.0 25.80 NOTE
r-devel-windows-x86_64 1.0 4.00 31.00 35.00 NOTE
r-devel-windows-x86_64-gcc10-UCRT 1.0 NOTE
r-patched-linux-x86_64 1.0 NOTE
r-patched-solaris-x86 1.0 41.30 NOTE
r-release-linux-x86_64 1.0 1.52 19.87 21.39 NOTE
r-release-macos-arm64 1.0 NOTE
r-release-macos-x86_64 1.0 NOTE
r-release-windows-ix86+x86_64 1.0 3.00 26.00 29.00 NOTE
r-oldrel-macos-x86_64 1.0 NOTE
r-oldrel-windows-ix86+x86_64 1.0 4.00 25.00 29.00 NOTE

Check Details

Version: 1.0
Check: R code for possible problems
Result: NOTE
    rminimax: no visible global function definition for 'runif'
    Undefined global functions or variables:
     runif
    Consider adding
     importFrom("stats", "runif")
    to your NAMESPACE file.
Flavors: r-devel-linux-x86_64-debian-clang, r-devel-linux-x86_64-debian-gcc, r-devel-linux-x86_64-fedora-clang, r-devel-linux-x86_64-fedora-gcc, r-devel-windows-x86_64, r-devel-windows-x86_64-gcc10-UCRT, r-patched-linux-x86_64, r-patched-solaris-x86, r-release-linux-x86_64, r-release-macos-arm64, r-release-macos-x86_64, r-release-windows-ix86+x86_64, r-oldrel-macos-x86_64, r-oldrel-windows-ix86+x86_64