Last updated on 2021-03-06 00:47:43 CET.
Flavor | Version | Tinstall | Tcheck | Ttotal | Status | Flags |
---|---|---|---|---|---|---|
r-devel-linux-x86_64-debian-clang | 0.6-26 | 2.69 | 28.39 | 31.08 | OK | |
r-devel-linux-x86_64-debian-gcc | 0.6-26 | 2.05 | 22.58 | 24.63 | OK | |
r-devel-linux-x86_64-fedora-clang | 0.6-26 | 47.39 | NOTE | |||
r-devel-linux-x86_64-fedora-gcc | 0.6-26 | 37.41 | OK | |||
r-devel-windows-ix86+x86_64 | 0.6-26 | 6.00 | 52.00 | 58.00 | OK | |
r-patched-linux-x86_64 | 0.6-26 | OK | ||||
r-patched-solaris-x86 | 0.6-26 | 55.70 | OK | |||
r-release-linux-x86_64 | 0.6-26 | 2.90 | 27.64 | 30.54 | OK | |
r-release-macos-x86_64 | 0.6-26 | OK | ||||
r-release-windows-ix86+x86_64 | 0.6-26 | 6.00 | 41.00 | 47.00 | OK | |
r-oldrel-macos-x86_64 | 0.6-26 | OK | ||||
r-oldrel-windows-ix86+x86_64 | 0.6-26 | 5.00 | 34.00 | 39.00 | OK |
Version: 0.6-26
Check: Rd cross-references
Result: NOTE
Undeclared package ‘maxLik’ in Rd xrefs
Flavor: r-devel-linux-x86_64-fedora-clang