Last updated on 2025-01-19 08:49:12 CET.
Flavor | Version | Tinstall | Tcheck | Ttotal | Status | Flags |
---|---|---|---|---|---|---|
r-devel-linux-x86_64-debian-clang | 1.1.0 | 17.23 | 79.53 | 96.76 | NOTE | |
r-devel-linux-x86_64-debian-gcc | 1.1.0 | 11.17 | 52.72 | 63.89 | NOTE | |
r-devel-linux-x86_64-fedora-clang | 1.1.0 | 164.97 | OK | |||
r-devel-linux-x86_64-fedora-gcc | 1.1.0 | 164.65 | OK | |||
r-devel-windows-x86_64 | 1.1.0 | 21.00 | 107.00 | 128.00 | NOTE | |
r-patched-linux-x86_64 | 1.1.0 | 21.02 | 73.81 | 94.83 | OK | |
r-release-linux-x86_64 | 1.1.0 | 14.45 | 73.53 | 87.98 | OK | |
r-release-macos-arm64 | 1.1.0 | 52.00 | OK | |||
r-release-macos-x86_64 | 1.1.0 | 130.00 | OK | |||
r-release-windows-x86_64 | 1.1.0 | 23.00 | 114.00 | 137.00 | OK | |
r-oldrel-macos-arm64 | 1.1.0 | 52.00 | OK | |||
r-oldrel-macos-x86_64 | 1.1.0 | 95.00 | OK | |||
r-oldrel-windows-x86_64 | 1.1.0 | 27.00 | 133.00 | 160.00 | OK |
Version: 1.1.0
Check: Rd cross-references
Result: NOTE
Found the following Rd file(s) with Rd \link{} targets missing package
anchors:
textable.Rd: xtable
Please provide package anchors for all Rd \link{} targets not in the
package itself and the base packages.
Flavors: r-devel-linux-x86_64-debian-clang, r-devel-linux-x86_64-debian-gcc, r-devel-windows-x86_64