CRAN Package Check Results for Package missMDA

Last updated on 2021-09-21 01:50:19 CEST.

Flavor Version Tinstall Tcheck Ttotal Status Flags
r-devel-linux-x86_64-debian-clang 1.18 11.62 84.06 95.68 OK
r-devel-linux-x86_64-debian-gcc 1.18 8.71 61.20 69.91 OK
r-devel-linux-x86_64-fedora-clang 1.18 120.87 OK
r-devel-linux-x86_64-fedora-gcc 1.18 108.76 OK
r-devel-windows-x86_64 1.18 14.00 82.00 96.00 OK
r-devel-windows-x86_64-gcc10-UCRT 1.18 ERROR
r-patched-linux-x86_64 1.18 15.89 79.01 94.90 OK
r-patched-solaris-x86 1.18 145.00 OK
r-release-linux-x86_64 1.18 11.01 78.95 89.96 OK
r-release-macos-arm64 1.18 OK
r-release-macos-x86_64 1.18 OK
r-release-windows-ix86+x86_64 1.18 25.00 75.00 100.00 OK
r-oldrel-macos-x86_64 1.18 OK
r-oldrel-windows-ix86+x86_64 1.18 24.00 77.00 101.00 OK

Check Details

Version: 1.18
Check: whether package can be installed
Result: WARN
    Found the following significant warnings:
     WARNING: installation-time patches will not be applied, could not get the patches index
Flavor: r-devel-windows-x86_64-gcc10-UCRT

Version: 1.18
Check: PDF version of manual
Result: WARN
    LaTeX errors when creating PDF version.
    This typically indicates Rd problems.
Flavor: r-devel-windows-x86_64-gcc10-UCRT

Version: 1.18
Check: PDF version of manual without hyperrefs or index
Result: ERROR
    Re-running with no redirection of stdout/stderr.
Flavor: r-devel-windows-x86_64-gcc10-UCRT