Last updated on 2023-02-06 00:52:36 CET.
Flavor | Version | Tinstall | Tcheck | Ttotal | Status | Flags |
---|---|---|---|---|---|---|
r-devel-linux-x86_64-debian-clang | 1.0.3 | 123.15 | 357.09 | 480.24 | OK | |
r-devel-linux-x86_64-debian-gcc | 1.0.3 | 103.81 | 260.15 | 363.96 | OK | |
r-devel-linux-x86_64-fedora-clang | 1.0.3 | 634.90 | OK | |||
r-devel-linux-x86_64-fedora-gcc | 1.0.3 | 604.80 | OK | |||
r-devel-windows-x86_64 | 1.0.3 | 127.00 | 468.00 | 595.00 | NOTE | |
r-patched-linux-x86_64 | 1.0.3 | 108.13 | 337.41 | 445.54 | OK | |
r-release-linux-x86_64 | 1.0.3 | 85.82 | 340.82 | 426.64 | OK | |
r-release-macos-arm64 | 1.0.3 | 139.00 | NOTE | |||
r-release-macos-x86_64 | 1.0.3 | 239.00 | NOTE | |||
r-release-windows-x86_64 | 1.0.3 | 144.00 | 472.00 | 616.00 | OK | |
r-oldrel-macos-arm64 | 1.0.3 | 137.00 | NOTE | |||
r-oldrel-macos-x86_64 | 1.0.3 | 239.00 | NOTE | |||
r-oldrel-windows-ix86+x86_64 | 1.0.3 | 276.00 | 805.00 | 1081.00 | OK |
Version: 1.0.3
Check: C++ specification
Result: NOTE
Specified C++11: please update to current default of C++17
Flavor: r-devel-windows-x86_64
Version: 1.0.3
Check: installed package size
Result: NOTE
installed size is 7.1Mb
sub-directories of 1Mb or more:
libs 5.0Mb
Flavors: r-release-macos-arm64, r-release-macos-x86_64, r-oldrel-macos-arm64, r-oldrel-macos-x86_64