CRAN Package Check Results for Package missingHE

Last updated on 2020-08-09 01:48:33 CEST.

Flavor Version Tinstall Tcheck Ttotal Status Flags
r-devel-linux-x86_64-debian-clang 1.4.1 19.69 315.80 335.49 OK
r-devel-linux-x86_64-debian-gcc 1.4.1 17.99 234.33 252.32 OK
r-devel-linux-x86_64-fedora-clang 1.4.1 388.65 NOTE
r-devel-linux-x86_64-fedora-gcc 1.4.1 389.01 NOTE
r-devel-windows-ix86+x86_64 1.4.1 44.00 405.00 449.00 OK
r-patched-linux-x86_64 1.4.1 15.37 310.48 325.85 OK
r-patched-solaris-x86 1.4.1 542.90 NOTE
r-release-linux-x86_64 1.4.1 16.95 307.86 324.81 OK
r-release-macos-x86_64 1.4.1 NOTE
r-release-windows-ix86+x86_64 1.4.1 52.00 294.00 346.00 OK
r-oldrel-macos-x86_64 1.4.1 NOTE
r-oldrel-windows-ix86+x86_64 1.4.1 29.00 283.00 312.00 OK

Check Details

Version: 1.4.1
Check: dependencies in R code
Result: NOTE
    Namespace in Imports field not imported from: ‘mcmcr’
     All declared Imports should be used.
Flavors: r-devel-linux-x86_64-fedora-clang, r-devel-linux-x86_64-fedora-gcc, r-patched-solaris-x86, r-release-macos-x86_64, r-oldrel-macos-x86_64