Last updated on 2023-02-07 00:54:23 CET.
Flavor | Version | Tinstall | Tcheck | Ttotal | Status | Flags |
---|---|---|---|---|---|---|
r-devel-linux-x86_64-debian-clang | 2.2.1 | 39.41 | 564.60 | 604.01 | NOTE | |
r-devel-linux-x86_64-debian-gcc | 2.2.1 | 28.78 | 383.36 | 412.14 | NOTE | |
r-devel-linux-x86_64-fedora-clang | 2.2.1 | 681.10 | NOTE | |||
r-devel-linux-x86_64-fedora-gcc | 2.2.1 | 617.30 | NOTE | |||
r-devel-windows-x86_64 | 2.2.1 | 61.00 | 616.00 | 677.00 | NOTE | |
r-patched-linux-x86_64 | 2.2.1 | 35.56 | 468.79 | 504.35 | OK | |
r-release-linux-x86_64 | 2.2.1 | 29.25 | 477.90 | 507.15 | OK | |
r-release-macos-arm64 | 2.2.1 | 244.00 | OK | |||
r-release-macos-x86_64 | 2.2.1 | 404.00 | OK | |||
r-release-windows-x86_64 | 2.2.1 | 69.00 | 608.00 | 677.00 | OK | |
r-oldrel-macos-arm64 | 2.2.1 | 245.00 | OK | |||
r-oldrel-macos-x86_64 | 2.2.1 | 356.00 | OK | |||
r-oldrel-windows-ix86+x86_64 | 2.2.1 | 80.00 | 616.00 | 696.00 | OK |
Version: 2.2.1
Check: Rd files
Result: NOTE
checkRd: (-1) AKMCS.Rd:215: Escaped LaTeX specials: \&
checkRd: (-1) BMP.Rd:164: Escaped LaTeX specials: \&
checkRd: (-1) IRW.Rd:144: Escaped LaTeX specials: \&
checkRd: (-1) IRW.Rd:151: Escaped LaTeX specials: \&
checkRd: (-1) MP.Rd:142: Escaped LaTeX specials: \&
checkRd: (-1) MetropolisHastings.Rd:58: Escaped LaTeX specials: \&
checkRd: (-1) SubsetSimulation.Rd:152: Escaped LaTeX specials: \&
checkRd: (-1) oscillator_d6.Rd:14: Escaped LaTeX specials: \&
Flavors: r-devel-linux-x86_64-debian-clang, r-devel-linux-x86_64-debian-gcc, r-devel-linux-x86_64-fedora-clang, r-devel-linux-x86_64-fedora-gcc, r-devel-windows-x86_64