CRAN Package Check Results for Package mitml

Last updated on 2021-09-21 01:50:19 CEST.

Flavor Version Tinstall Tcheck Ttotal Status Flags
r-devel-linux-x86_64-debian-clang 0.4-2 14.17 164.18 178.35 OK
r-devel-linux-x86_64-debian-gcc 0.4-2 12.18 120.43 132.61 OK
r-devel-linux-x86_64-fedora-clang 0.4-2 219.48 OK
r-devel-linux-x86_64-fedora-gcc 0.4-2 206.38 OK
r-devel-windows-x86_64 0.4-2 15.00 160.00 175.00 OK
r-devel-windows-x86_64-gcc10-UCRT 0.4-2 ERROR
r-patched-linux-x86_64 0.4-2 13.83 159.10 172.93 OK
r-patched-solaris-x86 0.4-2 221.10 OK
r-release-linux-x86_64 0.4-2 13.28 161.83 175.11 OK
r-release-macos-arm64 0.4-2 OK
r-release-macos-x86_64 0.4-2 OK
r-release-windows-ix86+x86_64 0.4-2 25.00 182.00 207.00 OK
r-oldrel-macos-x86_64 0.4-2 OK
r-oldrel-windows-ix86+x86_64 0.4-2 29.00 210.00 239.00 OK

Check Details

Version: 0.4-2
Check: whether package can be installed
Result: WARN
    Found the following significant warnings:
     WARNING: installation-time patches will not be applied, could not get the patches index
Flavor: r-devel-windows-x86_64-gcc10-UCRT

Version: 0.4-2
Check: PDF version of manual
Result: WARN
    LaTeX errors when creating PDF version.
    This typically indicates Rd problems.
Flavor: r-devel-windows-x86_64-gcc10-UCRT

Version: 0.4-2
Check: PDF version of manual without hyperrefs or index
Result: ERROR
    Re-running with no redirection of stdout/stderr.
Flavor: r-devel-windows-x86_64-gcc10-UCRT