CRAN Package Check Results for Package mixAK

Last updated on 2021-12-03 00:48:47 CET.

Flavor Version Tinstall Tcheck Ttotal Status Flags
r-devel-linux-x86_64-debian-clang 5.3 75.77 173.84 249.61 OK
r-devel-linux-x86_64-debian-gcc 5.3 50.94 131.97 182.91 OK
r-devel-linux-x86_64-fedora-clang 5.3 327.57 NOTE
r-devel-linux-x86_64-fedora-gcc 5.3 313.35 OK
r-devel-windows-x86_64-new-UL 5.3 155.00 223.00 378.00 OK
r-devel-windows-x86_64-new-TK 5.3 OK
r-devel-windows-x86_64-old 5.3 117.00 151.00 268.00 OK
r-patched-linux-x86_64 5.3 61.50 170.46 231.96 OK
r-patched-solaris-x86 5.3 425.60 OK
r-release-linux-x86_64 5.3 61.02 169.19 230.21 OK
r-release-windows-ix86+x86_64 5.3 193.00 252.00 445.00 OK
r-oldrel-windows-ix86+x86_64 5.3 188.00 240.00 428.00 OK

Check Details

Version: 5.3
Check: Rd cross-references
Result: NOTE
    Undeclared package ‘mvtnorm’ in Rd xrefs
Flavor: r-devel-linux-x86_64-fedora-clang