CRAN Package Check Results for Package mixSPE

Last updated on 2023-01-28 01:50:15 CET.

Flavor Version Tinstall Tcheck Ttotal Status Flags
r-devel-linux-x86_64-debian-clang 0.9.1 3.16 42.45 45.61 NOTE
r-devel-linux-x86_64-debian-gcc 0.9.1 2.92 31.43 34.35 NOTE
r-devel-linux-x86_64-fedora-clang 0.9.1 59.31 NOTE
r-devel-linux-x86_64-fedora-gcc 0.9.1 54.54 NOTE
r-patched-linux-x86_64 0.9.1 3.57 40.86 44.43 NOTE
r-release-linux-x86_64 0.9.1 3.48 40.83 44.31 NOTE
r-release-macos-arm64 0.9.1 21.00 NOTE
r-release-macos-x86_64 0.9.1 28.00 NOTE
r-release-windows-x86_64 0.9.1 18.00 70.00 88.00 NOTE
r-oldrel-macos-arm64 0.9.1 28.00 NOTE
r-oldrel-macos-x86_64 0.9.1 36.00 NOTE
r-oldrel-windows-ix86+x86_64 0.9.1 8.00 67.00 75.00 NOTE

Check Details

Version: 0.9.1
Check: LazyData
Result: NOTE
     'LazyData' is specified without a 'data' directory
Flavors: r-devel-linux-x86_64-debian-clang, r-devel-linux-x86_64-debian-gcc, r-devel-linux-x86_64-fedora-clang, r-devel-linux-x86_64-fedora-gcc, r-patched-linux-x86_64, r-release-linux-x86_64, r-release-macos-arm64, r-release-macos-x86_64, r-release-windows-x86_64, r-oldrel-macos-arm64, r-oldrel-macos-x86_64, r-oldrel-windows-ix86+x86_64