CRAN Package Check Results for Package mixedCCA

Last updated on 2021-07-27 01:50:52 CEST.

Flavor Version Tinstall Tcheck Ttotal Status Flags
r-devel-linux-x86_64-debian-clang 1.4.6 43.26 80.21 123.47 NOTE
r-devel-linux-x86_64-debian-gcc 1.4.6 30.05 61.37 91.42 NOTE
r-devel-linux-x86_64-fedora-clang 1.4.6 164.52 NOTE
r-devel-linux-x86_64-fedora-gcc 1.4.6 149.79 NOTE
r-devel-windows-x86_64 1.4.6 54.00 109.00 163.00 NOTE
r-devel-windows-x86_64-gcc10-UCRT 1.4.6 NOTE
r-patched-linux-x86_64 1.4.6 35.18 77.20 112.38 NOTE
r-patched-solaris-x86 1.4.6 194.90 NOTE
r-release-linux-x86_64 1.4.6 39.25 77.67 116.92 NOTE
r-release-macos-arm64 1.4.6 NOTE
r-release-macos-x86_64 1.4.6 NOTE
r-release-windows-ix86+x86_64 1.4.6 96.00 141.00 237.00 NOTE
r-oldrel-macos-x86_64 1.4.6 NOTE
r-oldrel-windows-ix86+x86_64 1.4.6 66.00 145.00 211.00 NOTE

Check Details

Version: 1.4.6
Check: LazyData
Result: NOTE
     'LazyData' is specified without a 'data' directory
Flavors: r-devel-linux-x86_64-debian-clang, r-devel-linux-x86_64-debian-gcc, r-devel-linux-x86_64-fedora-clang, r-devel-linux-x86_64-fedora-gcc, r-devel-windows-x86_64, r-devel-windows-x86_64-gcc10-UCRT, r-patched-linux-x86_64, r-patched-solaris-x86, r-release-linux-x86_64, r-release-macos-arm64, r-release-macos-x86_64, r-release-windows-ix86+x86_64

Version: 1.4.6
Check: installed package size
Result: NOTE
     installed size is 5.4Mb
     sub-directories of 1Mb or more:
     R 4.1Mb
     libs 1.2Mb
Flavors: r-devel-linux-x86_64-fedora-clang, r-devel-windows-x86_64, r-release-macos-arm64, r-release-macos-x86_64, r-release-windows-ix86+x86_64, r-oldrel-macos-x86_64, r-oldrel-windows-ix86+x86_64