Last updated on 2023-11-28 07:53:08 CET.
Flavor | Version | Tinstall | Tcheck | Ttotal | Status | Flags |
---|---|---|---|---|---|---|
r-devel-linux-x86_64-debian-clang | 1.6.2 | 34.88 | 96.71 | 131.59 | NOTE | |
r-devel-linux-x86_64-debian-gcc | 1.6.2 | 28.92 | 71.90 | 100.82 | NOTE | |
r-devel-linux-x86_64-fedora-clang | 1.6.2 | 177.79 | NOTE | |||
r-devel-linux-x86_64-fedora-gcc | 1.6.2 | 179.64 | NOTE | |||
r-devel-windows-x86_64 | 1.6.2 | 30.00 | 113.00 | 143.00 | NOTE | |
r-patched-linux-x86_64 | 1.6.2 | 31.07 | 93.44 | 124.51 | NOTE | |
r-release-linux-x86_64 | 1.6.2 | 24.31 | 92.65 | 116.96 | NOTE | |
r-release-macos-arm64 | 1.6.2 | 55.00 | NOTE | |||
r-release-macos-x86_64 | 1.6.2 | 96.00 | NOTE | |||
r-release-windows-x86_64 | 1.6.2 | 43.00 | 131.00 | 174.00 | NOTE | |
r-oldrel-macos-arm64 | 1.6.2 | 49.00 | OK | |||
r-oldrel-macos-x86_64 | 1.6.2 | 67.00 | OK | |||
r-oldrel-windows-x86_64 | 1.6.2 | 40.00 | 130.00 | 170.00 | OK |
Version: 1.6.2
Check: C++ specification
Result: NOTE
Specified C++11: please drop specification unless essential
Flavors: r-devel-linux-x86_64-debian-clang, r-devel-linux-x86_64-debian-gcc, r-devel-linux-x86_64-fedora-clang, r-devel-linux-x86_64-fedora-gcc, r-devel-windows-x86_64, r-patched-linux-x86_64, r-release-linux-x86_64, r-release-macos-arm64, r-release-macos-x86_64, r-release-windows-x86_64
Version: 1.6.2
Check: Rd files
Result: NOTE
checkRd: (-1) GenerateData.Rd:53: Lost braces in \itemize; \value handles \item{}{} directly
checkRd: (-1) GenerateData.Rd:54: Lost braces in \itemize; \value handles \item{}{} directly
checkRd: (-1) GenerateData.Rd:55: Lost braces in \itemize; \value handles \item{}{} directly
checkRd: (-1) GenerateData.Rd:56: Lost braces in \itemize; \value handles \item{}{} directly
checkRd: (-1) GenerateData.Rd:57: Lost braces in \itemize; \value handles \item{}{} directly
checkRd: (-1) GenerateData.Rd:58: Lost braces in \itemize; \value handles \item{}{} directly
checkRd: (-1) GenerateData.Rd:59: Lost braces in \itemize; \value handles \item{}{} directly
checkRd: (-1) GenerateData.Rd:60: Lost braces in \itemize; \value handles \item{}{} directly
checkRd: (-1) GenerateData.Rd:61: Lost braces in \itemize; \value handles \item{}{} directly
checkRd: (-1) GenerateData.Rd:62: Lost braces in \itemize; \value handles \item{}{} directly
checkRd: (-1) GenerateData.Rd:63: Lost braces in \itemize; \value handles \item{}{} directly
checkRd: (-1) estimateR.Rd:56: Lost braces in \itemize; \value handles \item{}{} directly
checkRd: (-1) estimateR.Rd:57: Lost braces in \itemize; \value handles \item{}{} directly
checkRd: (-1) estimateR.Rd:62: Lost braces in \itemize; \value handles \item{}{} directly
checkRd: (-1) estimateR.Rd:63: Lost braces in \itemize; \value handles \item{}{} directly
checkRd: (-1) estimateR.Rd:64: Lost braces in \itemize; \value handles \item{}{} directly
checkRd: (-1) estimateR.Rd:65: Lost braces in \itemize; \value handles \item{}{} directly
checkRd: (-1) estimateR.Rd:66: Lost braces in \itemize; \value handles \item{}{} directly
checkRd: (-1) estimateR.Rd:67: Lost braces in \itemize; \value handles \item{}{} directly
checkRd: (-1) find_w12bic.Rd:53: Lost braces in \itemize; \value handles \item{}{} directly
checkRd: (-1) find_w12bic.Rd:54: Lost braces in \itemize; \value handles \item{}{} directly
checkRd: (-1) find_w12bic.Rd:55: Lost braces in \itemize; \value handles \item{}{} directly
checkRd: (-1) find_w12bic.Rd:56: Lost braces in \itemize; \value handles \item{}{} directly
checkRd: (-1) find_w12bic.Rd:57: Lost braces in \itemize; \value handles \item{}{} directly
checkRd: (-1) find_w12bic.Rd:58: Lost braces in \itemize; \value handles \item{}{} directly
checkRd: (-1) find_w12bic.Rd:59: Lost braces in \itemize; \value handles \item{}{} directly
checkRd: (-1) mixedCCA.Rd:62: Lost braces in \itemize; \value handles \item{}{} directly
checkRd: (-1) mixedCCA.Rd:63: Lost braces in \itemize; \value handles \item{}{} directly
checkRd: (-1) mixedCCA.Rd:64: Lost braces in \itemize; \value handles \item{}{} directly
checkRd: (-1) mixedCCA.Rd:65: Lost braces in \itemize; \value handles \item{}{} directly
checkRd: (-1) mixedCCA.Rd:66: Lost braces in \itemize; \value handles \item{}{} directly
checkRd: (-1) mixedCCA.Rd:67: Lost braces in \itemize; \value handles \item{}{} directly
checkRd: (-1) myrcc.Rd:25: Lost braces in \itemize; \value handles \item{}{} directly
checkRd: (-1) myrcc.Rd:26: Lost braces in \itemize; \value handles \item{}{} directly
checkRd: (-1) myrcc.Rd:27: Lost braces in \itemize; \value handles \item{}{} directly
checkRd: (-1) standardCCA.Rd:21: Lost braces in \itemize; \value handles \item{}{} directly
checkRd: (-1) standardCCA.Rd:22: Lost braces in \itemize; \value handles \item{}{} directly
checkRd: (-1) standardCCA.Rd:23: Lost braces in \itemize; \value handles \item{}{} directly
Flavors: r-devel-linux-x86_64-debian-clang, r-devel-linux-x86_64-debian-gcc