CRAN Package Check Results for Package mixedsde

Last updated on 2020-07-14 02:07:00 CEST.

Flavor Version Tinstall Tcheck Ttotal Status Flags
r-devel-linux-x86_64-debian-clang 5.0 11.03 95.49 106.52 OK
r-devel-linux-x86_64-debian-gcc 5.0 9.81 71.97 81.78 OK
r-devel-linux-x86_64-fedora-clang 5.0 139.59 OK
r-devel-linux-x86_64-fedora-gcc 5.0 130.86 OK
r-devel-windows-ix86+x86_64 5.0 20.00 136.00 156.00 OK
r-patched-linux-x86_64 5.0 11.07 92.55 103.62 OK
r-patched-solaris-x86 5.0 171.60 OK
r-release-linux-x86_64 5.0 9.31 92.51 101.82 OK
r-release-macos-x86_64 5.0 ERROR
r-release-windows-ix86+x86_64 5.0 29.00 98.00 127.00 OK
r-oldrel-macos-x86_64 5.0 OK
r-oldrel-windows-ix86+x86_64 5.0 24.00 120.00 144.00 OK

Check Details

Version: 5.0
Check: whether package can be installed
Result: ERROR
    Installation failed.
Flavor: r-release-macos-x86_64