Last updated on 2022-06-25 01:49:04 CEST.
Flavor | Version | Tinstall | Tcheck | Ttotal | Status | Flags |
---|---|---|---|---|---|---|
r-devel-linux-x86_64-debian-clang | 1.2.0 | 6.41 | 79.72 | 86.13 | NOTE | |
r-devel-linux-x86_64-debian-gcc | 1.2.0 | 5.11 | 57.57 | 62.68 | NOTE | |
r-devel-linux-x86_64-fedora-clang | 1.2.0 | 106.80 | NOTE | |||
r-devel-linux-x86_64-fedora-gcc | 1.2.0 | 105.32 | NOTE | |||
r-devel-windows-x86_64 | 1.2.0 | 44.00 | 108.00 | 152.00 | NOTE | |
r-patched-linux-x86_64 | 1.2.0 | 7.41 | 73.37 | 80.78 | OK | |
r-release-linux-x86_64 | 1.2.0 | 6.19 | 72.88 | 79.07 | OK | |
r-release-macos-arm64 | 1.2.0 | 26.00 | OK | |||
r-release-macos-x86_64 | 1.2.0 | 40.00 | OK | |||
r-release-windows-x86_64 | 1.2.0 | 44.00 | 97.00 | 141.00 | OK | |
r-oldrel-macos-arm64 | 1.2.0 | 35.00 | OK | |||
r-oldrel-macos-x86_64 | 1.2.0 | 40.00 | OK | |||
r-oldrel-windows-ix86+x86_64 | 1.2.0 | 11.00 | 95.00 | 106.00 | OK |
Version: 1.2.0
Check: Rd files
Result: NOTE
checkRd: (-1) mixmeta-package.Rd:115: Escaped LaTeX specials: \&
checkRd: (-1) mixmeta.ml.Rd:56: Escaped LaTeX specials: \&
checkRd: (-1) ml.igls.Rd:62: Escaped LaTeX specials: \&
Flavors: r-devel-linux-x86_64-debian-clang, r-devel-linux-x86_64-debian-gcc, r-devel-linux-x86_64-fedora-clang, r-devel-linux-x86_64-fedora-gcc, r-devel-windows-x86_64
Version: 1.2.0
Check: Rd cross-references
Result: NOTE
Undeclared package ‘mvmeta’ in Rd xrefs
Flavor: r-devel-linux-x86_64-fedora-clang