CRAN Package Check Results for Package mle.tools

Last updated on 2024-06-25 08:48:21 CEST.

Flavor Version Tinstall Tcheck Ttotal Status Flags
r-devel-linux-x86_64-debian-clang 1.0.0 1.61 38.84 40.45 NOTE
r-devel-linux-x86_64-debian-gcc 1.0.0 1.78 28.95 30.73 NOTE
r-devel-linux-x86_64-fedora-clang 1.0.0 51.37 NOTE
r-devel-linux-x86_64-fedora-gcc 1.0.0 50.18 NOTE
r-devel-windows-x86_64 1.0.0 3.00 47.00 50.00 NOTE
r-patched-linux-x86_64 1.0.0 1.95 38.19 40.14 NOTE
r-release-linux-x86_64 1.0.0 1.99 36.99 38.98 NOTE
r-release-macos-arm64 1.0.0 18.00 NOTE
r-release-macos-x86_64 1.0.0 25.00 NOTE
r-release-windows-x86_64 1.0.0 2.00 48.00 50.00 NOTE
r-oldrel-macos-arm64 1.0.0 18.00 NOTE
r-oldrel-macos-x86_64 1.0.0 27.00 NOTE
r-oldrel-windows-x86_64 1.0.0 3.00 54.00 57.00 NOTE

Check Details

Version: 1.0.0
Check: package subdirectories
Result: NOTE Problems with news in ‘NEWS.md’: No news entries found. Flavors: r-devel-linux-x86_64-debian-clang, r-devel-linux-x86_64-debian-gcc, r-devel-linux-x86_64-fedora-clang, r-devel-linux-x86_64-fedora-gcc, r-devel-windows-x86_64, r-patched-linux-x86_64, r-release-linux-x86_64, r-release-macos-arm64, r-release-macos-x86_64, r-release-windows-x86_64, r-oldrel-macos-arm64, r-oldrel-macos-x86_64, r-oldrel-windows-x86_64