CRAN Package Check Results for Package mlmc

Last updated on 2020-07-11 02:09:27 CEST.

Flavor Version Tinstall Tcheck Ttotal Status Flags
r-devel-linux-x86_64-debian-clang 1.0.0 20.37 48.16 68.53 OK
r-devel-linux-x86_64-debian-gcc 1.0.0 14.11 37.02 51.13 OK
r-devel-linux-x86_64-fedora-clang 1.0.0 94.18 NOTE
r-devel-linux-x86_64-fedora-gcc 1.0.0 83.74 NOTE
r-devel-windows-ix86+x86_64 1.0.0 43.00 130.00 173.00 OK
r-patched-linux-x86_64 1.0.0 15.63 46.89 62.52 OK
r-patched-solaris-x86 1.0.0 110.10 OK
r-release-linux-x86_64 1.0.0 16.84 48.23 65.07 OK
r-release-osx-x86_64 1.0.0 OK
r-release-windows-ix86+x86_64 1.0.0 38.00 90.00 128.00 OK
r-oldrel-osx-x86_64 1.0.0 OK
r-oldrel-windows-ix86+x86_64 1.0.0 55.00 83.00 138.00 OK

Check Details

Version: 1.0.0
Check: compiled code
Result: NOTE
    File ‘mlmc/libs/mlmc.so’:
     Found no calls to: ‘R_registerRoutines’, ‘R_useDynamicSymbols’
    
    It is good practice to register native routines and to disable symbol
    search.
    
    See ‘Writing portable packages’ in the ‘Writing R Extensions’ manual.
Flavors: r-devel-linux-x86_64-fedora-clang, r-devel-linux-x86_64-fedora-gcc