CRAN Package Check Results for Package mlr

Last updated on 2020-02-21 00:49:46 CET.

Flavor Version Tinstall Tcheck Ttotal Status Flags
r-devel-linux-x86_64-debian-clang 2.17.0 37.11 230.36 267.47 ERROR
r-devel-linux-x86_64-debian-gcc 2.17.0 31.02 187.81 218.83 NOTE
r-devel-linux-x86_64-fedora-clang 2.17.0 236.94 NOTE
r-devel-linux-x86_64-fedora-gcc 2.17.0 385.37 NOTE
r-devel-windows-ix86+x86_64 2.17.0 57.00 338.00 395.00 NOTE
r-devel-windows-ix86+x86_64-gcc8 2.17.0 106.00 484.00 590.00 NOTE
r-patched-linux-x86_64 2.17.0 33.13 222.01 255.14 OK
r-patched-solaris-x86 2.17.0 407.60 NOTE
r-release-linux-x86_64 2.17.0 30.84 218.76 249.60 NOTE
r-release-windows-ix86+x86_64 2.17.0 49.00 338.00 387.00 NOTE
r-release-osx-x86_64 2.17.0 NOTE
r-oldrel-windows-ix86+x86_64 2.17.0 45.00 265.00 310.00 WARN
r-oldrel-osx-x86_64 2.17.0 NOTE

Check Details

Version: 2.17.0
Check: examples
Result: ERROR
    Running examples in 'mlr-Ex.R' failed
    The error most likely occurred in:
    
    > base::assign(".ptime", proc.time(), pos = "CheckExEnv")
    > ### Name: generateLearningCurveData
    > ### Title: Generates a learning curve.
    > ### Aliases: generateLearningCurveData LearningCurveData
    >
    > ### ** Examples
    >
    > r = generateLearningCurveData(list("classif.rpart", "classif.knn"),
    + task = sonar.task, percs = seq(0.2, 1, by = 0.2),
    + measures = list(tp, fp, tn, fn), resampling = makeResampleDesc(method = "Subsample", iters = 5),
    + show.info = FALSE)
    Error in data.frame(..., check.names = FALSE) :
     arguments imply differing number of rows: 0, 10
    Calls: generateLearningCurveData -> cbind -> cbind -> data.frame
    Execution halted
Flavor: r-devel-linux-x86_64-debian-clang

Version: 2.17.0
Check: package dependencies
Result: NOTE
    Package suggested but not available for checking: ‘classiFunc’
Flavors: r-devel-linux-x86_64-debian-gcc, r-devel-linux-x86_64-fedora-gcc, r-release-linux-x86_64

Version: 2.17.0
Check: package dependencies
Result: NOTE
    Package suggested but not available for checking: ‘classiFunc’
    
    Suggests orphaned packages:
     ‘clValid’ ‘flare’
Flavor: r-devel-linux-x86_64-fedora-clang

Version: 2.17.0
Check: installed package size
Result: NOTE
     installed size is 5.7Mb
     sub-directories of 1Mb or more:
     R 1.5Mb
     data 2.3Mb
     help 1.4Mb
Flavors: r-devel-linux-x86_64-fedora-clang, r-devel-windows-ix86+x86_64, r-devel-windows-ix86+x86_64-gcc8, r-patched-solaris-x86, r-release-windows-ix86+x86_64, r-release-osx-x86_64, r-oldrel-windows-ix86+x86_64, r-oldrel-osx-x86_64

Version: 2.17.0
Check: package dependencies
Result: NOTE
    Packages suggested but not available for checking:
     'classiFunc', 'FSelector', 'RWeka'
Flavor: r-patched-solaris-x86

Version: 2.17.0
Check: dependencies in R code
Result: NOTE
    No protocol specified
Flavors: r-release-osx-x86_64, r-oldrel-osx-x86_64

Version: 2.17.0
Check: whether package can be installed
Result: WARN
    Found the following significant warnings:
     Warning: S3 methods '[.fun_list', '[.grouped_df', 'all.equal.tbl_df', 'anti_join.data.frame', 'anti_join.tbl_df', 'arrange.data.frame', 'arrange.default', 'arrange.grouped_df', 'arrange.tbl_df', 'arrange_.data.frame', 'arrange_.tbl_df', 'as.data.frame.grouped_df', 'as.data.frame.rowwise_df', 'as.data.frame.tbl_cube', 'as.table.tbl_cube', 'as.tbl.data.frame', 'as.tbl.tbl', 'as.tbl_cube.array', 'as.tbl_cube.data.frame', 'as.tbl_cube.matrix', 'as.tbl_cube.table', 'as_tibble.grouped_df', 'as_tibble.tbl_cube', 'auto_copy.tbl_cube', 'auto_copy.tbl_df', 'cbind.grouped_df', 'collapse.data.frame', 'collect.data.frame', 'common_by.NULL', 'common_by.character', 'common_by.default', 'common_by.list', 'compute.data.frame', 'copy_to.DBIConnection', 'copy_to.src_local', 'default_missing.data.frame', 'default_missing.default', 'dim.tbl_cube', 'distinct.data.frame', 'distinct.default', 'distinct.grouped_df', 'distinct.tbl_df', 'distinct_.data.frame', 'distinct_.grouped_df', 'distinct_.tbl_df', 'do.NULL', 'do.da [... truncated]
Flavor: r-oldrel-windows-ix86+x86_64