CRAN Package Check Results for Package mlr

Last updated on 2020-10-01 01:48:44 CEST.

Flavor Version Tinstall Tcheck Ttotal Status Flags
r-devel-linux-x86_64-debian-clang 2.17.1 38.93 267.58 306.51 NOTE
r-devel-linux-x86_64-debian-gcc 2.17.1 32.25 198.66 230.91 NOTE
r-devel-linux-x86_64-fedora-clang 2.17.1 367.38 NOTE
r-devel-linux-x86_64-fedora-gcc 2.17.1 359.78 OK
r-devel-windows-ix86+x86_64 2.17.1 69.00 369.00 438.00 OK
r-patched-linux-x86_64 2.17.1 38.17 243.74 281.91 NOTE
r-patched-solaris-x86 2.17.1 447.20 NOTE
r-release-linux-x86_64 2.17.1 35.73 250.18 285.91 NOTE
r-release-macos-x86_64 2.17.1 NOTE
r-release-windows-ix86+x86_64 2.17.1 72.00 429.00 501.00 NOTE
r-oldrel-macos-x86_64 2.17.1 NOTE
r-oldrel-windows-ix86+x86_64 2.17.1 70.00 385.00 455.00 OK

Check Details

Version: 2.17.1
Check: package dependencies
Result: NOTE
    Package suggested but not available for checking: 'h2o'
Flavors: r-devel-linux-x86_64-debian-clang, r-devel-linux-x86_64-debian-gcc, r-patched-linux-x86_64, r-release-linux-x86_64

Version: 2.17.1
Check: Rd cross-references
Result: NOTE
    Unknown package 'h2o' in Rd xrefs
Flavors: r-devel-linux-x86_64-debian-clang, r-devel-linux-x86_64-debian-gcc, r-release-linux-x86_64

Version: 2.17.1
Check: installed package size
Result: NOTE
     installed size is 5.0Mb
     sub-directories of 1Mb or more:
     R 1.5Mb
     data 2.3Mb
Flavors: r-devel-linux-x86_64-fedora-clang, r-patched-solaris-x86, r-release-macos-x86_64, r-release-windows-ix86+x86_64, r-oldrel-macos-x86_64

Version: 2.17.1
Check: package dependencies
Result: NOTE
    Packages suggested but not available for checking: 'FSelector', 'RWeka'
Flavor: r-patched-solaris-x86