CRAN Package Check Results for Package mlr3benchmark

Last updated on 2024-06-13 06:58:09 CEST.

Flavor Version Tinstall Tcheck Ttotal Status Flags
r-devel-linux-x86_64-debian-clang 0.1.6 5.98 78.26 84.24 OK
r-devel-linux-x86_64-debian-gcc 0.1.6 0.26 1.69 1.95 ERROR
r-devel-linux-x86_64-fedora-clang 0.1.6 107.15 OK
r-devel-linux-x86_64-fedora-gcc 0.1.6 102.10 OK
r-devel-windows-x86_64 0.1.6 7.00 74.00 81.00 OK
r-patched-linux-x86_64 0.1.6 12.23 74.81 87.04 OK
r-release-linux-x86_64 0.1.6 5.12 74.00 79.12 OK
r-release-macos-arm64 0.1.6 37.00 OK
r-release-macos-x86_64 0.1.6 53.00 OK
r-release-windows-x86_64 0.1.6 8.00 74.00 82.00 OK
r-oldrel-macos-arm64 0.1.6 34.00 OK
r-oldrel-macos-x86_64 0.1.6 48.00 OK
r-oldrel-windows-x86_64 0.1.6 9.00 91.00 100.00 OK

Check Details

Version: 0.1.6
Check: package dependencies
Result: ERROR Package required but not available: ‘ggplot2’ Package suggested but not available for checking: ‘testthat’ See section ‘The DESCRIPTION file’ in the ‘Writing R Extensions’ manual. Flavor: r-devel-linux-x86_64-debian-gcc