Last updated on 2023-01-30 01:53:38 CET.
Flavor | Version | Tinstall | Tcheck | Ttotal | Status | Flags |
---|---|---|---|---|---|---|
r-devel-linux-x86_64-debian-clang | 0.11.0 | 10.18 | 68.48 | 78.66 | OK | |
r-devel-linux-x86_64-debian-gcc | 0.11.0 | 5.92 | 50.31 | 56.23 | OK | |
r-devel-linux-x86_64-fedora-clang | 0.11.0 | 95.75 | OK | |||
r-devel-linux-x86_64-fedora-gcc | 0.11.0 | 93.74 | OK | |||
r-devel-windows-x86_64 | 0.11.0 | 90.00 | 114.00 | 204.00 | OK | |
r-patched-linux-x86_64 | 0.11.0 | 11.18 | 61.37 | 72.55 | OK | |
r-release-linux-x86_64 | 0.11.0 | 10.08 | 61.13 | 71.21 | OK | |
r-release-macos-arm64 | 0.11.0 | 38.00 | OK | |||
r-release-macos-x86_64 | 0.11.0 | 49.00 | OK | |||
r-release-windows-x86_64 | 0.11.0 | 84.00 | 101.00 | 185.00 | OK | |
r-oldrel-macos-arm64 | 0.11.0 | 27.00 | OK | |||
r-oldrel-macos-x86_64 | 0.11.0 | 50.00 | OK | |||
r-oldrel-windows-ix86+x86_64 | 0.11.0 | 23.00 | 132.00 | 155.00 | WARN |
Version: 0.11.0
Check: for unstated dependencies in ‘tests’
Result: WARN
Warning: unable to access index for repository https://bioconductor.org/packages/3.14/bioc/src/contrib:
cannot open URL 'https://bioconductor.org/packages/3.14/bioc/src/contrib/PACKAGES'
Warning: unable to access index for repository https://bioconductor.org/packages/3.14/data/annotation/src/contrib:
cannot open URL 'https://bioconductor.org/packages/3.14/data/annotation/src/contrib/PACKAGES'
Warning: unable to access index for repository https://bioconductor.org/packages/3.14/data/experiment/src/contrib:
cannot open URL 'https://bioconductor.org/packages/3.14/data/experiment/src/contrib/PACKAGES'
Flavor: r-oldrel-windows-ix86+x86_64