CRAN Package Check Results for Package mlr3pipelines

Last updated on 2020-02-27 00:52:34 CET.

Flavor Version Tinstall Tcheck Ttotal Status Flags
r-devel-linux-x86_64-debian-clang 0.1.2 40.34 441.01 481.35 ERROR
r-devel-linux-x86_64-debian-gcc 0.1.2 OK
r-devel-linux-x86_64-fedora-clang 0.1.2 517.58 OK
r-devel-linux-x86_64-fedora-gcc 0.1.2 565.86 OK
r-devel-windows-ix86+x86_64 0.1.2 50.00 245.00 295.00 OK
r-devel-windows-ix86+x86_64-gcc8 0.1.2 52.00 247.00 299.00 OK
r-patched-linux-x86_64 0.1.2 33.62 479.72 513.34 OK
r-patched-solaris-x86 0.1.2 446.10 WARN
r-release-linux-x86_64 0.1.2 33.42 482.25 515.67 OK
r-release-windows-ix86+x86_64 0.1.2 39.00 245.00 284.00 OK
r-release-osx-x86_64 0.1.2 WARN
r-oldrel-windows-ix86+x86_64 0.1.2 36.00 252.00 288.00 OK
r-oldrel-osx-x86_64 0.1.2 WARN

Check Details

Version: 0.1.2
Check: tests
Result: ERROR
     Running 'testthat.R' [300s/173s]
    Running the tests in 'tests/testthat.R' failed.
    Complete output:
     > library("checkmate")
     > library("testthat")
     > library("mlr3")
     > library("paradox")
     > library("mlr3pipelines")
     >
     > test_check("mlr3pipelines")
     Training debug.multi with input list(input_1 = 1, input_2 = 1)
     -- 1. Error: LearnerClassifAvg (@test_learner_weightedaverage.R#12) -----------
     <TaskClassif:tsk> has the following unsupported feature types: character
     Backtrace:
     1. lrn$train(tsk)
     2. mlr3::assert_learnable(task, self)
     3. mlr3misc::stopf(...)
    
     -- 2. Error: PipeOpRemoveConstants removes expected cols (@test_pipeop_removecon
     Target column 'target' must be a factor
     Backtrace:
     1. mlr3pipelines:::test_dropping(iris, iris, list())
     2. TaskClassif$new(...)
     3. .subset2(public_bind_env, "initialize")(...)
     4. mlr3misc::stopf("Target column '%s' must be a factor", target)
    
     == testthat results ===========================================================
     [ OK: 7497 | SKIPPED: 44 | WARNINGS: 0 | FAILED: 2 ]
     1. Error: LearnerClassifAvg (@test_learner_weightedaverage.R#12)
     2. Error: PipeOpRemoveConstants removes expected cols (@test_pipeop_removeconstants.R#51)
    
     Error: testthat unit tests failed
     Execution halted
Flavor: r-devel-linux-x86_64-debian-clang

Version: 0.1.2
Check: re-building of vignette outputs
Result: WARN
    Error(s) in re-building vignettes:
     ...
    --- re-building ‘comparison_mlr3pipelines_mlr_sklearn.Rmd’ using rmarkdown
    Warning in engine$weave(file, quiet = quiet, encoding = enc) :
     Pandoc (>= 1.12.3) and/or pandoc-citeproc not available. Falling back to R Markdown v1.
    --- finished re-building ‘comparison_mlr3pipelines_mlr_sklearn.Rmd’
    
    --- re-building ‘introduction.Rmd’ using rmarkdown
    Warning in engine$weave(file, quiet = quiet, encoding = enc) :
     Pandoc (>= 1.12.3) and/or pandoc-citeproc not available. Falling back to R Markdown v1.
    Quitting from lines 172-173 (introduction.Rmd)
    Error: processing vignette 'introduction.Rmd' failed with diagnostics:
    there is no package called 'webshot'
    --- failed re-building ‘introduction.Rmd’
    
    SUMMARY: processing the following file failed:
     ‘introduction.Rmd’
    
    Error: Vignette re-building failed.
    Execution halted
Flavor: r-patched-solaris-x86

Version: 0.1.2
Check: re-building of vignette outputs
Result: WARN
    Error(s) in re-building vignettes:
     ...
    --- re-building ‘comparison_mlr3pipelines_mlr_sklearn.Rmd’ using rmarkdown
    Warning in engine$weave(file, quiet = quiet, encoding = enc) :
     Pandoc (>= 1.12.3) and/or pandoc-citeproc not available. Falling back to R Markdown v1.
    --- finished re-building ‘comparison_mlr3pipelines_mlr_sklearn.Rmd’
    
    --- re-building ‘introduction.Rmd’ using rmarkdown
    Warning in engine$weave(file, quiet = quiet, encoding = enc) :
     Pandoc (>= 1.12.3) and/or pandoc-citeproc not available. Falling back to R Markdown v1.
    Warning in png::readPNG(path, native = TRUE, info = TRUE) :
     libpng warning: iCCP: CRC error
    Quitting from lines 172-173 (introduction.Rmd)
    Error: processing vignette 'introduction.Rmd' failed with diagnostics:
    cannot open the connection
    --- failed re-building ‘introduction.Rmd’
    
    SUMMARY: processing the following file failed:
     ‘introduction.Rmd’
    
    Error: Vignette re-building failed.
    Execution halted
Flavor: r-release-osx-x86_64

Version: 0.1.2
Check: re-building of vignette outputs
Result: WARN
    Error in re-building vignettes:
     ...
    Warning in engine$weave(file, quiet = quiet, encoding = enc) :
     Pandoc (>= 1.12.3) and/or pandoc-citeproc not available. Falling back to R Markdown v1.
    Warning in engine$weave(file, quiet = quiet, encoding = enc) :
     Pandoc (>= 1.12.3) and/or pandoc-citeproc not available. Falling back to R Markdown v1.
    Warning in png::readPNG(path, native = TRUE, info = TRUE) :
     libpng warning: iCCP: CRC error
    Quitting from lines 172-173 (introduction.Rmd)
    Error: processing vignette 'introduction.Rmd' failed with diagnostics:
    cannot open the connection
    Execution halted
Flavor: r-oldrel-osx-x86_64