CRAN Package Check Results for Package mlrCPO

Last updated on 2024-02-23 07:52:14 CET.

Flavor Version Tinstall Tcheck Ttotal Status Flags
r-devel-linux-x86_64-debian-clang 0.3.7-6 NOTE
r-devel-linux-x86_64-debian-gcc 0.3.7-7 26.16 329.95 356.11 OK
r-devel-linux-x86_64-fedora-clang 0.3.7-7 590.87 OK
r-devel-linux-x86_64-fedora-gcc 0.3.7-7 584.70 OK
r-devel-windows-x86_64 0.3.7-6 27.00 363.00 390.00 NOTE
r-patched-linux-x86_64 0.3.7-7 53.12 434.60 487.72 OK
r-release-linux-x86_64 0.3.7-6 29.69 426.05 455.74 OK
r-release-macos-arm64 0.3.7-7 157.00 OK
r-release-macos-x86_64 0.3.7-7 362.00 OK
r-release-windows-x86_64 0.3.7-7 31.00 369.00 400.00 OK
r-oldrel-macos-arm64 0.3.7-7 165.00 OK
r-oldrel-windows-x86_64 0.3.7-7 33.00 337.00 370.00 OK

Check Details

Version: 0.3.7-6
Check: Rd \usage sections
Result: NOTE Documented arguments not in \usage in Rd file 'cpoTemplate.Rd': ‘affect.names’ Functions with \usage entries need to have the appropriate \alias entries, and all their arguments documented. The \usage entries must correspond to syntactically valid R code. See chapter ‘Writing R documentation files’ in the ‘Writing R Extensions’ manual. Flavors: r-devel-linux-x86_64-debian-clang, r-devel-windows-x86_64