Last updated on 2023-01-30 01:53:38 CET.
Flavor | Version | Tinstall | Tcheck | Ttotal | Status | Flags |
---|---|---|---|---|---|---|
r-devel-linux-x86_64-debian-clang | 1.0.1 | 160.66 | 96.92 | 257.58 | OK | |
r-devel-linux-x86_64-debian-gcc | 1.0.1 | 130.45 | 73.15 | 203.60 | OK | |
r-devel-linux-x86_64-fedora-clang | 1.0.1 | 350.50 | OK | |||
r-devel-linux-x86_64-fedora-gcc | 1.0.1 | 345.16 | OK | |||
r-devel-windows-x86_64 | 1.0.1 | 124.00 | 157.00 | 281.00 | OK | |
r-patched-linux-x86_64 | 1.0.1 | 136.27 | 92.59 | 228.86 | OK | |
r-release-linux-x86_64 | 1.0.1 | 149.70 | 93.65 | 243.35 | OK | |
r-release-macos-arm64 | 1.0.1 | 86.00 | NOTE | |||
r-release-macos-x86_64 | 1.0.1 | 109.00 | NOTE | |||
r-release-windows-x86_64 | 1.0.1 | 127.00 | 163.00 | 290.00 | OK | |
r-oldrel-macos-arm64 | 1.0.1 | 81.00 | NOTE | |||
r-oldrel-macos-x86_64 | 1.0.1 | 109.00 | NOTE | |||
r-oldrel-windows-ix86+x86_64 | 1.0.1 | 377.00 | 223.00 | 600.00 | OK |
Version: 1.0.1
Check: installed package size
Result: NOTE
installed size is 15.6Mb
sub-directories of 1Mb or more:
libs 15.4Mb
Flavors: r-release-macos-arm64, r-release-macos-x86_64, r-oldrel-macos-arm64, r-oldrel-macos-x86_64