CRAN Package Check Results for Package mniw

Last updated on 2020-08-09 01:48:34 CEST.

Flavor Version Tinstall Tcheck Ttotal Status Flags
r-devel-linux-x86_64-debian-clang 1.0 156.25 85.90 242.15 OK
r-devel-linux-x86_64-debian-gcc 1.0 129.42 65.94 195.36 OK
r-devel-linux-x86_64-fedora-clang 1.0 347.56 NOTE
r-devel-linux-x86_64-fedora-gcc 1.0 325.05 OK
r-devel-windows-ix86+x86_64 1.0 368.00 218.00 586.00 OK
r-patched-linux-x86_64 1.0 139.76 86.16 225.92 OK
r-patched-solaris-x86 1.0 269.20 OK
r-release-linux-x86_64 1.0 135.21 86.61 221.82 OK
r-release-macos-x86_64 1.0 NOTE
r-release-windows-ix86+x86_64 1.0 365.00 152.00 517.00 OK
r-oldrel-macos-x86_64 1.0 NOTE
r-oldrel-windows-ix86+x86_64 1.0 246.00 144.00 390.00 OK

Check Details

Version: 1.0
Check: installed package size
Result: NOTE
     installed size is 18.2Mb
     sub-directories of 1Mb or more:
     libs 17.9Mb
Flavors: r-devel-linux-x86_64-fedora-clang, r-release-macos-x86_64, r-oldrel-macos-x86_64