Last updated on 2023-06-09 07:55:52 CEST.
Flavor | Version | Tinstall | Tcheck | Ttotal | Status | Flags |
---|---|---|---|---|---|---|
r-devel-linux-x86_64-debian-clang | 1.0.1 | 162.80 | 94.94 | 257.74 | OK | |
r-devel-linux-x86_64-debian-gcc | 1.0.1 | 134.75 | 74.71 | 209.46 | OK | |
r-devel-linux-x86_64-fedora-clang | 1.0.1 | 353.90 | OK | |||
r-devel-linux-x86_64-fedora-gcc | 1.0.1 | 415.95 | OK | |||
r-devel-windows-x86_64 | 1.0.1 | 118.00 | 111.00 | 229.00 | OK | |
r-patched-linux-x86_64 | 1.0.1 | 139.91 | 95.80 | 235.71 | OK | |
r-release-linux-x86_64 | 1.0.1 | 134.35 | 96.26 | 230.61 | OK | |
r-release-macos-arm64 | 1.0.1 | 101.00 | NOTE | |||
r-release-macos-x86_64 | 1.0.1 | 161.00 | NOTE | |||
r-release-windows-x86_64 | 1.0.1 | 161.00 | 141.00 | 302.00 | OK | |
r-oldrel-macos-arm64 | 1.0.1 | 91.00 | NOTE | |||
r-oldrel-macos-x86_64 | 1.0.1 | 109.00 | NOTE | |||
r-oldrel-windows-x86_64 | 1.0.1 | 145.00 | 135.00 | 280.00 | OK |
Version: 1.0.1
Check: installed package size
Result: NOTE
installed size is 15.6Mb
sub-directories of 1Mb or more:
libs 15.4Mb
Flavors: r-release-macos-arm64, r-release-macos-x86_64, r-oldrel-macos-arm64, r-oldrel-macos-x86_64