CRAN Package Check Results for Package mnormt

Last updated on 2022-12-01 01:51:55 CET.

Flavor Version Tinstall Tcheck Ttotal Status Flags
r-devel-linux-x86_64-debian-clang 2.1.1 6.11 34.14 40.25 OK
r-devel-linux-x86_64-debian-gcc 2.1.1 4.68 25.91 30.59 OK
r-devel-linux-x86_64-fedora-clang 2.1.1 61.48 OK
r-devel-linux-x86_64-fedora-gcc 2.1.1 59.58 OK
r-devel-windows-x86_64 2.1.1 25.00 64.00 89.00 OK
r-patched-linux-x86_64 2.1.1 6.80 31.36 38.16 OK
r-release-linux-x86_64 2.1.1 6.20 31.25 37.45 OK
r-release-macos-arm64 2.1.1 19.00 OK
r-release-macos-x86_64 2.1.1 32.00 OK
r-release-windows-x86_64 2.1.1 16.00 57.00 73.00 OK
r-oldrel-macos-arm64 2.1.1 21.00 OK
r-oldrel-macos-x86_64 2.1.1 40.00 OK
r-oldrel-windows-ix86+x86_64 2.1.1 2.00 13.00 15.00 ERROR

Check Details

Version: 2.1.1
Check: whether package can be installed
Result: ERROR
    Installation failed.
Flavor: r-oldrel-windows-ix86+x86_64